Last updated on 2023-05-28 06:51:42 CEST.
Flavor | Version | Tinstall | Tcheck | Ttotal | Status | Flags |
---|---|---|---|---|---|---|
r-devel-linux-x86_64-debian-clang | 1.0.0 | 48.79 | 467.81 | 516.60 | OK | |
r-devel-linux-x86_64-debian-gcc | 1.0.0 | 48.53 | 356.40 | 404.93 | OK | |
r-devel-linux-x86_64-fedora-clang | 1.0.0 | 714.44 | OK | |||
r-devel-linux-x86_64-fedora-gcc | 1.0.0 | 682.21 | OK | |||
r-devel-windows-x86_64 | 1.0.0 | 47.00 | 314.00 | 361.00 | OK | |
r-patched-linux-x86_64 | 1.0.0 | 45.26 | 439.69 | 484.95 | OK | |
r-release-linux-x86_64 | 1.0.0 | 45.94 | 446.71 | 492.65 | OK | |
r-release-macos-arm64 | 1.0.0 | 5.00 | ERROR | |||
r-release-macos-x86_64 | 1.0.0 | 7.00 | ERROR | |||
r-release-windows-x86_64 | 1.0.0 | 61.00 | 406.00 | 467.00 | OK | |
r-oldrel-macos-arm64 | 1.0.0 | 129.00 | OK | |||
r-oldrel-macos-x86_64 | 1.0.0 | 207.00 | OK | |||
r-oldrel-windows-x86_64 | 1.0.0 | 60.00 | 361.00 | 421.00 | OK |
Version: 1.0.0
Check: package dependencies
Result: ERROR
Packages required but not available: 'xcms', 'MSnbase'
See section ‘The DESCRIPTION file’ in the ‘Writing R Extensions’
manual.
Flavors: r-release-macos-arm64, r-release-macos-x86_64