CRAN Package Check Results for Package LDAShiny

Last updated on 2021-09-18 17:51:42 CEST.

Flavor Version Tinstall Tcheck Ttotal Status Flags
r-devel-linux-x86_64-debian-clang 0.9.3 4.16 38.06 42.22 OK
r-devel-linux-x86_64-debian-gcc 0.9.3 3.21 30.34 33.55 OK
r-devel-linux-x86_64-fedora-clang 0.9.3 65.65 NOTE
r-devel-linux-x86_64-fedora-gcc 0.9.3 51.89 NOTE
r-devel-windows-x86_64 0.9.3 6.00 52.00 58.00 OK
r-devel-windows-x86_64-gcc10-UCRT 0.9.3 NOTE
r-patched-linux-x86_64 0.9.3 4.28 38.00 42.28 OK
r-patched-solaris-x86 0.9.3 78.60 NOTE
r-release-linux-x86_64 0.9.3 4.02 37.63 41.65 OK
r-release-macos-arm64 0.9.3 NOTE
r-release-macos-x86_64 0.9.3 NOTE
r-release-windows-ix86+x86_64 0.9.3 12.00 67.00 79.00 OK
r-oldrel-macos-x86_64 0.9.3 NOTE
r-oldrel-windows-ix86+x86_64 0.9.3 12.00 64.00 76.00 OK

Check Details

Version: 0.9.3
Check: package dependencies
Result: NOTE
    Imports includes 25 non-default packages.
    Importing from so many packages makes the package vulnerable to any of
    them becoming unavailable. Move as many as possible to Suggests and
    use conditionally.
Flavor: r-devel-linux-x86_64-fedora-clang

Version: 0.9.3
Check: dependencies in R code
Result: NOTE
    Namespaces in Imports field not imported from:
     ‘DT’ ‘SnowballC’ ‘beepr’ ‘broom’ ‘chinese.misc’ ‘dplyr’ ‘highcharter’
     ‘htmlwidgets’ ‘ldatuning’ ‘parallel’ ‘plotly’ ‘purrr’ ‘quanteda’
     ‘shinyBS’ ‘shinyWidgets’ ‘shinyalert’ ‘shinycssloaders’ ‘shinyjs’
     ‘stringr’ ‘textmineR’ ‘tidyr’ ‘tidytext’ ‘topicmodels’
     All declared Imports should be used.
Flavors: r-devel-linux-x86_64-fedora-clang, r-devel-linux-x86_64-fedora-gcc, r-devel-windows-x86_64-gcc10-UCRT, r-patched-solaris-x86, r-release-macos-arm64, r-release-macos-x86_64, r-oldrel-macos-x86_64