Last updated on 2021-03-03 19:48:09 CET.
Flavor | Version | Tinstall | Tcheck | Ttotal | Status | Flags |
---|---|---|---|---|---|---|
r-devel-linux-x86_64-debian-clang | 1.10 | 7.00 | 69.49 | 76.49 | OK | |
r-devel-linux-x86_64-debian-gcc | 1.10 | 6.20 | 53.69 | 59.89 | OK | |
r-devel-linux-x86_64-fedora-clang | 1.10 | 102.98 | NOTE | |||
r-devel-linux-x86_64-fedora-gcc | 1.10 | 92.56 | NOTE | |||
r-devel-windows-ix86+x86_64 | 1.10 | 19.00 | 90.00 | 109.00 | OK | |
r-patched-linux-x86_64 | 1.10 | 7.49 | 65.89 | 73.38 | OK | |
r-patched-solaris-x86 | 1.10 | 142.80 | NOTE | |||
r-release-linux-x86_64 | 1.10 | 7.73 | 65.24 | 72.97 | OK | |
r-release-macos-x86_64 | 1.10 | NOTE | ||||
r-release-windows-ix86+x86_64 | 1.10 | 15.00 | 67.00 | 82.00 | OK | |
r-oldrel-macos-x86_64 | 1.10 | NOTE | ||||
r-oldrel-windows-ix86+x86_64 | 1.10 | 15.00 | 83.00 | 98.00 | OK |
Version: 1.10
Check: dependencies in R code
Result: NOTE
Namespaces in Imports field not imported from:
‘devtools’ ‘reticulate’ ‘tensorflow’
All declared Imports should be used.
Flavors: r-devel-linux-x86_64-fedora-clang, r-devel-linux-x86_64-fedora-gcc, r-patched-solaris-x86, r-release-macos-x86_64, r-oldrel-macos-x86_64