CRAN Package Check Results for Package LDOD

Last updated on 2019-03-20 12:46:39 CET.

Flavor Version Tinstall Tcheck Ttotal Status Flags
r-devel-linux-x86_64-debian-clang 1.0 5.27 70.03 75.30 NOTE
r-devel-linux-x86_64-debian-gcc 1.0 4.79 53.15 57.94 NOTE
r-devel-linux-x86_64-fedora-clang 1.0 87.57 NOTE
r-devel-linux-x86_64-fedora-gcc 1.0 83.18 NOTE
r-devel-windows-ix86+x86_64 1.0 13.00 104.00 117.00 NOTE
r-patched-linux-x86_64 1.0 4.69 66.50 71.19 NOTE
r-patched-solaris-x86 1.0 106.50 NOTE
r-release-linux-x86_64 1.0 4.44 66.94 71.38 NOTE
r-release-windows-ix86+x86_64 1.0 10.00 90.00 100.00 NOTE
r-release-osx-x86_64 1.0 NOTE
r-oldrel-windows-ix86+x86_64 1.0 5.00 106.00 111.00 NOTE
r-oldrel-osx-x86_64 1.0 NOTE

Check Details

Version: 1.0
Check: DESCRIPTION meta-information
Result: NOTE
    Malformed Title field: should not end in a period.
Flavors: r-devel-linux-x86_64-debian-clang, r-devel-linux-x86_64-debian-gcc, r-devel-linux-x86_64-fedora-clang, r-devel-linux-x86_64-fedora-gcc, r-devel-windows-ix86+x86_64, r-patched-linux-x86_64, r-patched-solaris-x86, r-release-linux-x86_64, r-release-windows-ix86+x86_64, r-release-osx-x86_64, r-oldrel-windows-ix86+x86_64, r-oldrel-osx-x86_64

Version: 1.0
Check: top-level files
Result: NOTE
    Non-standard file/directory found at top level:
     'LDOD.Rproj'
Flavors: r-devel-linux-x86_64-debian-clang, r-devel-linux-x86_64-debian-gcc, r-devel-linux-x86_64-fedora-clang, r-devel-linux-x86_64-fedora-gcc, r-patched-linux-x86_64, r-release-linux-x86_64

Version: 1.0
Check: R code for possible problems
Result: NOTE
    multistart : <anonymous>: no visible global function definition for
     'runif'
    plot.FreD.x: no visible global function definition for 'modifyList'
    plot.FreD.x: no visible global function definition for 'abline'
    plot.FreD.x: no visible global function definition for 'points'
    Undefined global functions or variables:
     abline modifyList points runif
    Consider adding
     importFrom("graphics", "abline", "points")
     importFrom("stats", "runif")
     importFrom("utils", "modifyList")
    to your NAMESPACE file.
Flavors: r-devel-linux-x86_64-debian-clang, r-devel-linux-x86_64-debian-gcc, r-devel-linux-x86_64-fedora-clang, r-devel-linux-x86_64-fedora-gcc, r-devel-windows-ix86+x86_64, r-patched-linux-x86_64, r-patched-solaris-x86, r-release-linux-x86_64, r-release-windows-ix86+x86_64, r-release-osx-x86_64, r-oldrel-windows-ix86+x86_64, r-oldrel-osx-x86_64