CRAN Package Check Results for Package LDOD

Last updated on 2020-03-31 15:49:40 CEST.

Flavor Version Tinstall Tcheck Ttotal Status Flags
r-devel-linux-x86_64-debian-clang 1.0 6.30 78.67 84.97 NOTE
r-devel-linux-x86_64-debian-gcc 1.0 4.72 58.00 62.72 NOTE
r-devel-linux-x86_64-fedora-clang 1.0 95.44 NOTE
r-devel-linux-x86_64-fedora-gcc 1.0 93.62 NOTE
r-devel-windows-ix86+x86_64 1.0 13.00 84.00 97.00 NOTE
r-devel-windows-ix86+x86_64-gcc8 1.0 11.00 84.00 95.00 NOTE
r-patched-linux-x86_64 1.0 5.38 74.26 79.64 NOTE
r-patched-solaris-x86 1.0 125.30 NOTE
r-release-linux-x86_64 1.0 5.03 68.04 73.07 NOTE
r-release-windows-ix86+x86_64 1.0 14.00 90.00 104.00 NOTE
r-release-osx-x86_64 1.0 NOTE
r-oldrel-windows-ix86+x86_64 1.0 9.00 108.00 117.00 NOTE
r-oldrel-osx-x86_64 1.0 NOTE

Check Details

Version: 1.0
Check: DESCRIPTION meta-information
Result: NOTE
    Malformed Title field: should not end in a period.
Flavors: r-devel-linux-x86_64-debian-clang, r-devel-linux-x86_64-debian-gcc, r-devel-linux-x86_64-fedora-clang, r-devel-linux-x86_64-fedora-gcc, r-devel-windows-ix86+x86_64, r-devel-windows-ix86+x86_64-gcc8, r-patched-linux-x86_64, r-patched-solaris-x86, r-release-linux-x86_64, r-release-windows-ix86+x86_64, r-release-osx-x86_64, r-oldrel-windows-ix86+x86_64, r-oldrel-osx-x86_64

Version: 1.0
Check: top-level files
Result: NOTE
    Non-standard file/directory found at top level:
     'LDOD.Rproj'
Flavors: r-devel-linux-x86_64-debian-clang, r-devel-linux-x86_64-debian-gcc, r-devel-linux-x86_64-fedora-clang, r-devel-linux-x86_64-fedora-gcc, r-patched-linux-x86_64, r-release-linux-x86_64

Version: 1.0
Check: R code for possible problems
Result: NOTE
    multistart : <anonymous>: no visible global function definition for
     'runif'
    plot.FreD.x: no visible global function definition for 'modifyList'
    plot.FreD.x: no visible global function definition for 'abline'
    plot.FreD.x: no visible global function definition for 'points'
    Undefined global functions or variables:
     abline modifyList points runif
    Consider adding
     importFrom("graphics", "abline", "points")
     importFrom("stats", "runif")
     importFrom("utils", "modifyList")
    to your NAMESPACE file.
Flavors: r-devel-linux-x86_64-debian-clang, r-devel-linux-x86_64-debian-gcc, r-devel-linux-x86_64-fedora-clang, r-devel-linux-x86_64-fedora-gcc, r-devel-windows-ix86+x86_64, r-devel-windows-ix86+x86_64-gcc8, r-patched-linux-x86_64, r-patched-solaris-x86, r-release-linux-x86_64, r-release-windows-ix86+x86_64, r-release-osx-x86_64, r-oldrel-windows-ix86+x86_64, r-oldrel-osx-x86_64