CRAN Package Check Results for Package LDPD

Last updated on 2021-11-29 21:51:42 CET.

Flavor Version Tinstall Tcheck Ttotal Status Flags
r-devel-linux-x86_64-debian-clang 1.1.2 2.30 21.88 24.18 NOTE
r-devel-linux-x86_64-debian-gcc 1.1.2 1.79 17.29 19.08 NOTE
r-devel-linux-x86_64-fedora-clang 1.1.2 40.71 NOTE
r-devel-linux-x86_64-fedora-gcc 1.1.2 31.29 NOTE
r-devel-windows-x86_64-new-UL 1.1.2 6.00 56.00 62.00 NOTE
r-devel-windows-x86_64-new-TK 1.1.2 NOTE
r-devel-windows-x86_64-old 1.1.2 4.00 33.00 37.00 NOTE
r-patched-linux-x86_64 1.1.2 2.13 21.38 23.51 NOTE
r-patched-solaris-x86 1.1.2 47.50 NOTE
r-release-linux-x86_64 1.1.2 2.13 21.70 23.83 NOTE
r-release-macos-arm64 1.1.2 NOTE
r-release-macos-x86_64 1.1.2 NOTE
r-release-windows-ix86+x86_64 1.1.2 4.00 31.00 35.00 NOTE
r-oldrel-macos-x86_64 1.1.2 NOTE
r-oldrel-windows-ix86+x86_64 1.1.2 4.00 38.00 42.00 NOTE

Check Details

Version: 1.1.2
Check: R code for possible problems
Result: NOTE
    ARConfIntEst: no visible global function definition for 'sd'
    PTLinkFunc: no visible global function definition for 'pnorm'
    PTLinkFunc: no visible global function definition for 'qnorm'
    PTMultiPeriodPD: no visible global function definition for 'uniroot'
    PTOnePeriodPD : f: no visible global function definition for 'pbinom'
    PTOnePeriodPD: no visible global function definition for 'uniroot'
    QMMGetRLogitPD: no visible global function definition for 'ecdf'
    QMMPDlinkFunc: no visible global function definition for 'qnorm'
    QMMPlot: no visible global function definition for 'lines'
    QMMPlot: no visible global function definition for 'legend'
    VDBCalibratePD: no visible global function definition for 'ecdf'
    VDBGetK: no visible global function definition for 'uniroot'
    Undefined global functions or variables:
     ecdf legend lines pbinom pnorm qnorm sd uniroot
    Consider adding
     importFrom("graphics", "legend", "lines")
     importFrom("stats", "ecdf", "pbinom", "pnorm", "qnorm", "sd",
     "uniroot")
    to your NAMESPACE file.
Flavors: r-devel-linux-x86_64-debian-clang, r-devel-linux-x86_64-debian-gcc, r-devel-linux-x86_64-fedora-clang, r-devel-linux-x86_64-fedora-gcc, r-devel-windows-x86_64-new-UL, r-devel-windows-x86_64-new-TK, r-devel-windows-x86_64-old, r-patched-linux-x86_64, r-patched-solaris-x86, r-release-linux-x86_64, r-release-macos-arm64, r-release-macos-x86_64, r-release-windows-ix86+x86_64, r-oldrel-macos-x86_64, r-oldrel-windows-ix86+x86_64

Version: 1.1.2
Check: Rd cross-references
Result: NOTE
    Undeclared package ‘Hmisc’ in Rd xrefs
Flavor: r-devel-linux-x86_64-fedora-clang