CRAN Package Check Results for Package LEANR

Last updated on 2020-05-25 08:50:48 CEST.

Flavor Version Tinstall Tcheck Ttotal Status Flags
r-devel-linux-x86_64-debian-clang 1.4.9 8.16 167.70 175.86 OK
r-devel-linux-x86_64-debian-gcc 1.4.9 6.67 119.38 126.05 OK
r-devel-linux-x86_64-fedora-clang 1.4.9 203.74 OK
r-devel-linux-x86_64-fedora-gcc 1.4.9 196.56 OK
r-devel-windows-ix86+x86_64 1.4.9 18.00 219.00 237.00 NOTE
r-patched-linux-x86_64 1.4.9 8.16 162.40 170.56 OK
r-patched-solaris-x86 1.4.9 266.70 OK
r-release-linux-x86_64 1.4.9 7.20 161.66 168.86 OK
r-release-osx-x86_64 1.4.9 OK
r-release-windows-ix86+x86_64 1.4.9 12.00 223.00 235.00 NOTE
r-oldrel-osx-x86_64 1.4.9 OK
r-oldrel-windows-ix86+x86_64 1.4.9 13.00 213.00 226.00 NOTE

Check Details

Version: 1.4.9
Check: package dependencies
Result: NOTE
    Package suggested but not available for checking: 'doMC'
Flavors: r-devel-windows-ix86+x86_64, r-release-windows-ix86+x86_64, r-oldrel-windows-ix86+x86_64