CRAN Package Check Results for Package LKT

Last updated on 2021-10-27 01:51:23 CEST.

Flavor Version Tinstall Tcheck Ttotal Status Flags
r-devel-linux-x86_64-debian-clang 1.0 11.50 109.02 120.52 OK
r-devel-linux-x86_64-debian-gcc 1.0 7.96 76.85 84.81 OK
r-devel-linux-x86_64-fedora-clang 1.0 153.27 NOTE
r-devel-linux-x86_64-fedora-gcc 1.0 139.43 NOTE
r-devel-windows-x86_64 1.0 17.00 123.00 140.00 OK
r-devel-windows-x86_64-gcc10-UCRT 1.0 NOTE
r-patched-linux-x86_64 1.0 10.06 94.14 104.20 OK
r-patched-solaris-x86 1.0 189.20 NOTE
r-release-linux-x86_64 1.0 10.56 94.91 105.47 OK
r-release-macos-arm64 1.0 NOTE
r-release-macos-x86_64 1.0 NOTE
r-release-windows-ix86+x86_64 1.0 18.00 116.00 134.00 OK
r-oldrel-macos-x86_64 1.0 NOTE
r-oldrel-windows-ix86+x86_64 1.0 26.00 116.00 142.00 OK

Check Details

Version: 1.0
Check: dependencies in R code
Result: NOTE
    Namespaces in Imports field not imported from:
     ‘caret’ ‘knitr’ ‘pROC’ ‘utils’
     All declared Imports should be used.
Flavors: r-devel-linux-x86_64-fedora-clang, r-devel-linux-x86_64-fedora-gcc, r-devel-windows-x86_64-gcc10-UCRT, r-patched-solaris-x86, r-release-macos-arm64, r-release-macos-x86_64, r-oldrel-macos-x86_64