CRAN Package Check Results for Package LKT

Last updated on 2022-11-27 04:51:23 CET.

Flavor Version Tinstall Tcheck Ttotal Status Flags
r-devel-linux-x86_64-debian-clang 1.3.0 22.42 145.87 168.29 OK
r-devel-linux-x86_64-debian-gcc 1.3.0 18.78 105.33 124.11 OK
r-devel-linux-x86_64-fedora-clang 1.3.0 219.21 NOTE
r-devel-linux-x86_64-fedora-gcc 1.3.0 219.00 NOTE
r-devel-windows-x86_64 1.3.0 31.00 159.00 190.00 OK
r-patched-linux-x86_64 1.3.0 19.83 130.44 150.27 OK
r-release-linux-x86_64 1.3.0 22.70 134.58 157.28 OK
r-release-macos-arm64 1.3.0 71.00 NOTE
r-release-macos-x86_64 1.3.0 78.00 NOTE
r-release-windows-x86_64 1.3.0 37.00 163.00 200.00 OK
r-oldrel-macos-arm64 1.3.0 69.00 NOTE
r-oldrel-macos-x86_64 1.3.0 84.00 NOTE
r-oldrel-windows-ix86+x86_64 1.3.0 43.00 153.00 196.00 OK

Check Details

Version: 1.3.0
Check: data for non-ASCII characters
Result: NOTE
     Note: found 1 marked UTF-8 string
Flavors: r-devel-linux-x86_64-fedora-clang, r-devel-linux-x86_64-fedora-gcc, r-release-macos-arm64, r-release-macos-x86_64, r-oldrel-macos-arm64, r-oldrel-macos-x86_64