Last updated on 2023-03-22 19:53:29 CET.
Flavor | Version | Tinstall | Tcheck | Ttotal | Status | Flags |
---|---|---|---|---|---|---|
r-devel-linux-x86_64-debian-clang | 1.3.0 | 20.69 | 146.10 | 166.79 | OK | |
r-devel-linux-x86_64-debian-gcc | 1.3.0 | 19.27 | 106.16 | 125.43 | OK | |
r-devel-linux-x86_64-fedora-clang | 1.3.0 | 235.99 | NOTE | |||
r-devel-linux-x86_64-fedora-gcc | 1.3.0 | 223.88 | NOTE | |||
r-devel-windows-x86_64 | 1.3.0 | 32.00 | 163.00 | 195.00 | OK | |
r-patched-linux-x86_64 | 1.3.0 | 24.36 | 134.25 | 158.61 | OK | |
r-release-linux-x86_64 | 1.3.0 | 21.59 | 131.06 | 152.65 | OK | |
r-release-macos-arm64 | 1.3.0 | 71.00 | NOTE | |||
r-release-macos-x86_64 | 1.3.0 | 78.00 | NOTE | |||
r-release-windows-x86_64 | 1.3.0 | 31.00 | 169.00 | 200.00 | OK | |
r-oldrel-macos-arm64 | 1.3.0 | 69.00 | NOTE | |||
r-oldrel-macos-x86_64 | 1.3.0 | 84.00 | NOTE | |||
r-oldrel-windows-ix86+x86_64 | 1.3.0 | 43.00 | 157.00 | 200.00 | OK |
Version: 1.3.0
Check: data for non-ASCII characters
Result: NOTE
Note: found 1 marked UTF-8 string
Flavors: r-devel-linux-x86_64-fedora-clang, r-devel-linux-x86_64-fedora-gcc, r-release-macos-arm64, r-release-macos-x86_64, r-oldrel-macos-arm64, r-oldrel-macos-x86_64