CRAN Package Check Results for Package LLM

Last updated on 2021-08-04 00:49:13 CEST.

Flavor Version Tinstall Tcheck Ttotal Status Flags
r-devel-linux-x86_64-debian-clang 1.1.0 15.26 141.05 156.31 NOTE
r-devel-linux-x86_64-debian-gcc 1.1.0 12.49 105.47 117.96 NOTE
r-devel-linux-x86_64-fedora-clang 1.1.0 201.99 NOTE
r-devel-linux-x86_64-fedora-gcc 1.1.0 194.00 NOTE
r-devel-windows-x86_64 1.1.0 16.00 150.00 166.00 NOTE
r-devel-windows-x86_64-gcc10-UCRT 1.1.0 NOTE
r-patched-linux-x86_64 1.1.0 10.01 136.96 146.97 NOTE
r-release-linux-x86_64 1.1.0 15.49 135.97 151.46 NOTE
r-release-macos-arm64 1.1.0 ERROR
r-release-macos-x86_64 1.1.0 NOTE
r-release-windows-ix86+x86_64 1.1.0 30.00 148.00 178.00 NOTE
r-oldrel-macos-x86_64 1.1.0 OK
r-oldrel-windows-ix86+x86_64 1.1.0 28.00 146.00 174.00 OK

Check Details

Version: 1.1.0
Check: LazyData
Result: NOTE
     'LazyData' is specified without a 'data' directory
Flavors: r-devel-linux-x86_64-debian-clang, r-devel-linux-x86_64-debian-gcc, r-devel-linux-x86_64-fedora-clang, r-devel-linux-x86_64-fedora-gcc, r-devel-windows-x86_64, r-devel-windows-x86_64-gcc10-UCRT, r-patched-linux-x86_64, r-release-linux-x86_64, r-release-macos-x86_64, r-release-windows-ix86+x86_64

Version: 1.1.0
Check: whether package can be installed
Result: ERROR
    Installation failed.
Flavor: r-release-macos-arm64