Last updated on 2022-05-19 17:51:28 CEST.
Flavor | Version | Tinstall | Tcheck | Ttotal | Status | Flags |
---|---|---|---|---|---|---|
r-devel-linux-x86_64-debian-clang | 1.0.2 | 37.23 | 98.16 | 135.39 | OK | |
r-devel-linux-x86_64-debian-gcc | 1.0.2 | 28.21 | 78.11 | 106.32 | OK | |
r-devel-linux-x86_64-fedora-clang | 1.0.2 | 177.48 | NOTE | |||
r-devel-linux-x86_64-fedora-gcc | 1.0.2 | 163.80 | NOTE | |||
r-devel-windows-x86_64 | 1.0.2 | 54.00 | 135.00 | 189.00 | OK | |
r-patched-linux-x86_64 | 1.0.2 | 29.25 | 93.33 | 122.58 | OK | |
r-release-linux-x86_64 | 1.0.2 | 30.15 | 95.03 | 125.18 | OK | |
r-release-macos-arm64 | 1.0.2 | 62.00 | NOTE | |||
r-release-macos-x86_64 | 1.0.2 | 74.00 | NOTE | |||
r-release-windows-x86_64 | 1.0.2 | 71.00 | 136.00 | 207.00 | OK | |
r-oldrel-macos-arm64 | 1.0.2 | 55.00 | NOTE | |||
r-oldrel-macos-x86_64 | 1.0.2 | 72.00 | NOTE | |||
r-oldrel-windows-ix86+x86_64 | 1.0.2 | 95.00 | 155.00 | 250.00 | OK |
Version: 1.0.2
Check: dependencies in R code
Result: NOTE
Namespaces in Imports field not imported from:
‘Matrix’ ‘agridat’ ‘ggplot2’ ‘maps’ ‘sp’
All declared Imports should be used.
Flavors: r-devel-linux-x86_64-fedora-clang, r-devel-linux-x86_64-fedora-gcc, r-release-macos-arm64, r-release-macos-x86_64, r-oldrel-macos-arm64, r-oldrel-macos-x86_64