CRAN Package Check Results for Package LMMstar

Last updated on 2022-01-24 14:54:22 CET.

Flavor Version Tinstall Tcheck Ttotal Status Flags
r-devel-linux-x86_64-debian-clang 0.4.4 23.70 384.08 407.78 OK
r-devel-linux-x86_64-debian-gcc 0.4.4 19.18 270.41 289.59 OK
r-devel-linux-x86_64-fedora-clang 0.4.4 466.91 OK
r-devel-linux-x86_64-fedora-gcc 0.4.4 460.38 OK
r-devel-windows-x86_64-new-UL 0.4.4 119.00 369.00 488.00 OK
r-devel-windows-x86_64-new-TK 0.4.4 NOTE
r-patched-linux-x86_64 0.4.4 20.60 348.71 369.31 OK
r-release-linux-x86_64 0.4.4 18.35 355.67 374.02 OK
r-release-macos-arm64 0.4.4 OK
r-release-macos-x86_64 0.4.4 OK
r-release-windows-ix86+x86_64 0.4.4 44.00 401.00 445.00 OK
r-oldrel-macos-x86_64 0.4.3 OK
r-oldrel-windows-ix86+x86_64 0.4.4 43.00 407.00 450.00 OK

Check Details

Version: 0.4.4
Check: package dependencies
Result: NOTE
    Packages suggested but not available for checking: 'AICcmodavg', 'ggpubr'
Flavor: r-devel-windows-x86_64-new-TK