Last updated on 2023-02-07 08:57:06 CET.
Flavor | Version | Tinstall | Tcheck | Ttotal | Status | Flags |
---|---|---|---|---|---|---|
r-devel-linux-x86_64-debian-clang | 0.1.3.1 | 2.33 | 24.50 | 26.83 | OK | |
r-devel-linux-x86_64-debian-gcc | 0.1.3.1 | 2.08 | 19.36 | 21.44 | OK | |
r-devel-linux-x86_64-fedora-clang | 0.1.3.1 | 32.67 | OK | |||
r-devel-linux-x86_64-fedora-gcc | 0.1.3.1 | 33.30 | OK | |||
r-devel-windows-x86_64 | 0.1.3.1 | 14.00 | 51.00 | 65.00 | OK | |
r-patched-linux-x86_64 | 0.1.3.1 | 2.47 | 23.47 | 25.94 | OK | |
r-release-linux-x86_64 | 0.1.3.1 | 2.44 | 24.33 | 26.77 | OK | |
r-release-macos-arm64 | 0.1.3.1 | 15.00 | OK | |||
r-release-macos-x86_64 | 0.1.3.1 | 20.00 | OK | |||
r-release-windows-x86_64 | 0.1.3 | 13.00 | 56.00 | 69.00 | NOTE | |
r-oldrel-macos-arm64 | 0.1.3.1 | 23.00 | OK | |||
r-oldrel-macos-x86_64 | 0.1.3.1 | 25.00 | OK | |||
r-oldrel-windows-ix86+x86_64 | 0.1.3.1 | 6.00 | 47.00 | 53.00 | OK |
Version: 0.1.3
Check: LazyData
Result: NOTE
'LazyData' is specified without a 'data' directory
Flavor: r-release-windows-x86_64