Last updated on 2021-03-01 10:47:38 CET.
Flavor | Version | Tinstall | Tcheck | Ttotal | Status | Flags |
---|---|---|---|---|---|---|
r-devel-linux-x86_64-debian-clang | 0.1.6 | OK | ||||
r-devel-linux-x86_64-debian-gcc | 0.1.6 | 7.02 | 63.06 | 70.08 | OK | |
r-devel-linux-x86_64-fedora-clang | 0.1.6 | 122.88 | OK | |||
r-devel-linux-x86_64-fedora-gcc | 0.1.6 | 111.25 | OK | |||
r-devel-windows-ix86+x86_64 | 0.1.6 | 15.00 | 84.00 | 99.00 | OK | |
r-patched-linux-x86_64 | 0.1.6 | 8.45 | 78.68 | 87.13 | OK | |
r-patched-solaris-x86 | 0.1.6 | 155.90 | OK | |||
r-release-linux-x86_64 | 0.1.6 | 8.86 | 78.36 | 87.22 | OK | |
r-release-macos-x86_64 | 0.1.6 | OK | ||||
r-release-windows-ix86+x86_64 | 0.1.6 | 17.00 | 86.00 | 103.00 | OK | |
r-oldrel-macos-x86_64 | 0.1.6 | WARN | ||||
r-oldrel-windows-ix86+x86_64 | 0.1.6 | 13.00 | 98.00 | 111.00 | WARN |
Version: 0.1.6
Check: re-building of vignette outputs
Result: WARN
Error(s) in re-building vignettes:
...
--- re-building ‘LMoFit.Rmd’ using rmarkdown
Warning in engine$weave(file, quiet = quiet, encoding = enc) :
Pandoc (>= 1.12.3) and/or pandoc-citeproc not available. Falling back to R Markdown v1.
Quitting from lines 236-237 (LMoFit.Rmd)
Error: processing vignette 'LMoFit.Rmd' failed with diagnostics:
Invalid unit
--- failed re-building ‘LMoFit.Rmd’
SUMMARY: processing the following file failed:
‘LMoFit.Rmd’
Error: Vignette re-building failed.
Execution halted
Flavor: r-oldrel-macos-x86_64
Version: 0.1.6
Check: re-building of vignette outputs
Result: WARN
Error(s) in re-building vignettes:
--- re-building 'LMoFit.Rmd' using rmarkdown
Quitting from lines 236-237 (LMoFit.Rmd)
Error: processing vignette 'LMoFit.Rmd' failed with diagnostics:
Invalid unit
--- failed re-building 'LMoFit.Rmd'
SUMMARY: processing the following file failed:
'LMoFit.Rmd'
Error: Vignette re-building failed.
Execution halted
Flavor: r-oldrel-windows-ix86+x86_64