CRAN Package Check Results for Package LN0SCIs

Last updated on 2020-12-05 22:52:49 CET.

Flavor Version Tinstall Tcheck Ttotal Status Flags
r-devel-linux-x86_64-debian-clang 0.1.5 2.53 29.70 32.23 ERROR
r-devel-linux-x86_64-debian-gcc 0.1.5 2.10 25.09 27.19 ERROR
r-devel-linux-x86_64-fedora-clang 0.1.5 46.99 ERROR
r-devel-linux-x86_64-fedora-gcc 0.1.5 37.48 ERROR
r-devel-windows-ix86+x86_64 0.1.5 6.00 46.00 52.00 ERROR
r-patched-linux-x86_64 0.1.5 2.93 31.53 34.46 NOTE
r-patched-solaris-x86 0.1.5 51.60 OK
r-release-linux-x86_64 0.1.5 2.14 31.85 33.99 NOTE
r-release-macos-x86_64 0.1.5 OK
r-release-windows-ix86+x86_64 0.1.5 7.00 37.00 44.00 NOTE
r-oldrel-macos-x86_64 0.1.5 OK
r-oldrel-windows-ix86+x86_64 0.1.5 4.00 50.00 54.00 OK

Check Details

Version: 0.1.5
Check: examples
Result: ERROR
    Running examples in 'LN0SCIs-Ex.R' failed
    The error most likely occurred in:
    
    > base::assign(".ptime", proc.time(), pos = "CheckExEnv")
    > ### Name: FMW
    > ### Title: FMW
    > ### Aliases: FMW FMW0
    >
    > ### ** Examples
    >
    >
    >
    > alpha <- 0.05
    > p <- c(0.1,0.15,0.1)
    > n <- c(30,30,30)
    > mu <- c(0,0,0)
    > sigma <- c(1,1,1)
    > N <- 500
    >
    > FMW(n,p,mu,sigma,N)
    Error in `[.data.frame`(get(paste0("TW", i, i)), N * alpha/(2 * dim(C2)[1])) :
     undefined columns selected
    Calls: FMW -> FMW0 -> assign -> [ -> [.data.frame
    Execution halted
Flavors: r-devel-linux-x86_64-debian-clang, r-devel-linux-x86_64-debian-gcc

Version: 0.1.5
Check: package vignettes
Result: NOTE
    Package vignette with placeholder title 'Vignette Title':
     'LN0SCIs-tutorial.Rmd'
Flavors: r-devel-linux-x86_64-debian-clang, r-devel-linux-x86_64-debian-gcc, r-devel-windows-ix86+x86_64, r-patched-linux-x86_64, r-release-linux-x86_64, r-release-windows-ix86+x86_64

Version: 0.1.5
Check: examples
Result: ERROR
    Running examples in ‘LN0SCIs-Ex.R’ failed
    The error most likely occurred in:
    
    > ### Name: FMW
    > ### Title: FMW
    > ### Aliases: FMW FMW0
    >
    > ### ** Examples
    >
    >
    >
    > alpha <- 0.05
    > p <- c(0.1,0.15,0.1)
    > n <- c(30,30,30)
    > mu <- c(0,0,0)
    > sigma <- c(1,1,1)
    > N <- 500
    >
    > FMW(n,p,mu,sigma,N)
    Error in `[.data.frame`(get(paste0("TW", i, i)), N * alpha/(2 * dim(C2)[1])) :
     undefined columns selected
    Calls: FMW -> FMW0 -> assign -> [ -> [.data.frame
    Execution halted
Flavors: r-devel-linux-x86_64-fedora-clang, r-devel-linux-x86_64-fedora-gcc, r-devel-windows-ix86+x86_64