CRAN Package Check Results for Package LOGANTree

Last updated on 2022-07-01 12:54:05 CEST.

Flavor Version Tinstall Tcheck Ttotal Status Flags
r-devel-linux-x86_64-debian-clang 0.1.1 18.40 141.40 159.80 OK
r-devel-linux-x86_64-debian-gcc 0.1.1 12.70 102.68 115.38 OK
r-devel-linux-x86_64-fedora-clang 0.1.1 207.86 WARN
r-devel-linux-x86_64-fedora-gcc 0.1.1 192.38 WARN
r-devel-windows-x86_64 0.1.1 33.00 154.00 187.00 OK
r-patched-linux-x86_64 0.1.1 15.54 131.18 146.72 OK
r-release-linux-x86_64 0.1.1 11.61 130.61 142.22 OK
r-release-macos-arm64 0.1.1 51.00 OK
r-release-macos-x86_64 0.1.1 72.00 OK
r-release-windows-x86_64 0.1.1 30.00 156.00 186.00 OK
r-oldrel-macos-arm64 0.1.1 45.00 OK
r-oldrel-macos-x86_64 0.1.1 71.00 OK
r-oldrel-windows-ix86+x86_64 0.1.1 40.00 152.00 192.00 OK

Check Details

Version: 0.1.1
Check: package dependencies
Result: WARN
    Requires (indirectly) orphaned package: ‘gtools’
Flavors: r-devel-linux-x86_64-fedora-clang, r-devel-linux-x86_64-fedora-gcc