CRAN Package Check Results for Package LOMAR

Last updated on 2022-05-19 17:51:29 CEST.

Flavor Version Tinstall Tcheck Ttotal Status Flags
r-devel-linux-x86_64-debian-clang 0.2.1 45.13 81.59 126.72 OK
r-devel-linux-x86_64-debian-gcc 0.2.1 34.72 60.08 94.80 OK
r-devel-linux-x86_64-fedora-clang 0.2.1 160.99 OK
r-devel-linux-x86_64-fedora-gcc 0.2.1 152.45 OK
r-devel-windows-x86_64 0.2.1 61.00 272.00 333.00 OK
r-patched-linux-x86_64 0.2.1 39.82 76.42 116.24 OK
r-release-linux-x86_64 0.2.1 37.87 76.68 114.55 OK
r-release-macos-arm64 0.2.1 89.00 NOTE
r-release-macos-x86_64 0.2.1 117.00 NOTE
r-release-windows-x86_64 0.2.1 65.00 267.00 332.00 OK
r-oldrel-macos-arm64 0.2.1 87.00 NOTE
r-oldrel-macos-x86_64 0.2.1 114.00 NOTE
r-oldrel-windows-ix86+x86_64 0.2.1 100.00 471.00 571.00 OK

Check Details

Version: 0.2.1
Check: installed package size
Result: NOTE
     installed size is 6.2Mb
     sub-directories of 1Mb or more:
     libs 5.1Mb
Flavors: r-release-macos-arm64, r-release-macos-x86_64, r-oldrel-macos-arm64, r-oldrel-macos-x86_64