CRAN Package Check Results for Package LOST

Last updated on 2021-06-22 00:49:01 CEST.

Flavor Version Tinstall Tcheck Ttotal Status Flags
r-devel-linux-x86_64-debian-clang 2.0.2 14.59 126.02 140.61 OK
r-devel-linux-x86_64-debian-gcc 2.0.2 11.10 95.13 106.23 OK
r-devel-linux-x86_64-fedora-clang 2.0.2 174.80 OK
r-devel-linux-x86_64-fedora-gcc 2.0.2 170.40 OK
r-devel-windows-x86_64 2.0.2 22.00 134.00 156.00 OK
r-devel-windows-x86_64-gcc10-UCRT 2.0.2 OK
r-patched-linux-x86_64 2.0.2 12.37 117.39 129.76 OK
r-patched-solaris-x86 2.0.2 223.20 OK
r-release-linux-x86_64 2.0.2 12.96 117.36 130.32 OK
r-release-macos-arm64 2.0.2 ERROR
r-release-macos-x86_64 2.0.2 OK
r-release-windows-ix86+x86_64 2.0.2 34.00 144.00 178.00 OK
r-oldrel-macos-x86_64 2.0.2 OK

Check Details

Version: 2.0.2
Check: package dependencies
Result: ERROR
    Package required but not available: ‘pcaMethods’
    
    See section ‘The DESCRIPTION file’ in the ‘Writing R Extensions’
    manual.
Flavor: r-release-macos-arm64