CRAN Package Check Results for Package LPCM

Last updated on 2021-09-20 14:51:03 CEST.

Flavor Version Tinstall Tcheck Ttotal Status Flags
r-devel-linux-x86_64-debian-clang 0.46-7 3.97 55.02 58.99 OK
r-devel-linux-x86_64-debian-gcc 0.46-7 3.51 40.48 43.99 OK
r-devel-linux-x86_64-fedora-clang 0.46-7 78.82 OK
r-devel-linux-x86_64-fedora-gcc 0.46-7 69.50 OK
r-devel-windows-x86_64 0.46-7 8.00 55.00 63.00 OK
r-devel-windows-x86_64-gcc10-UCRT 0.46-7 ERROR
r-patched-linux-x86_64 0.46-7 4.56 52.01 56.57 OK
r-patched-solaris-x86 0.46-7 89.10 OK
r-release-linux-x86_64 0.46-7 4.24 52.61 56.85 OK
r-release-macos-arm64 0.46-7 OK
r-release-macos-x86_64 0.46-7 OK
r-release-windows-ix86+x86_64 0.46-7 9.00 76.00 85.00 OK
r-oldrel-macos-x86_64 0.46-7 OK
r-oldrel-windows-ix86+x86_64 0.46-7 9.00 57.00 66.00 OK

Check Details

Version: 0.46-7
Check: whether package can be installed
Result: WARN
    Found the following significant warnings:
     WARNING: installation-time patches will not be applied, could not get the patches index
Flavor: r-devel-windows-x86_64-gcc10-UCRT

Version: 0.46-7
Check: PDF version of manual
Result: WARN
    LaTeX errors when creating PDF version.
    This typically indicates Rd problems.
Flavor: r-devel-windows-x86_64-gcc10-UCRT

Version: 0.46-7
Check: PDF version of manual without hyperrefs or index
Result: ERROR
    Re-running with no redirection of stdout/stderr.
Flavor: r-devel-windows-x86_64-gcc10-UCRT