CRAN Package Check Results for Package LPCM

Last updated on 2024-02-25 14:48:24 CET.

Flavor Version Tinstall Tcheck Ttotal Status Flags
r-devel-linux-x86_64-debian-clang 0.47-3 5.14 59.45 64.59 NOTE
r-devel-linux-x86_64-debian-gcc 0.47-3 3.19 44.17 47.36 NOTE
r-devel-linux-x86_64-fedora-clang 0.47-3 76.91 NOTE
r-devel-linux-x86_64-fedora-gcc 0.47-3 74.75 NOTE
r-devel-windows-x86_64 0.47-3 6.00 65.00 71.00 NOTE
r-patched-linux-x86_64 0.47-3 4.42 56.38 60.80 OK
r-release-linux-x86_64 0.47-3 3.92 56.12 60.04 OK
r-release-macos-arm64 0.47-3 27.00 OK
r-release-macos-x86_64 0.47-3 42.00 OK
r-release-windows-x86_64 0.47-3 6.00 81.00 87.00 OK
r-oldrel-macos-arm64 0.47-3 26.00 OK
r-oldrel-windows-x86_64 0.47-3 6.00 76.00 82.00 OK

Check Details

Version: 0.47-3
Check: Rd contents
Result: NOTE Argument items with no description in Rd file 'followx.Rd': ‘Xi’ ‘x0’ ‘h’ ‘t0’ ‘iter’ ‘way’ ‘weights’ ‘pen’ ‘phi’ ‘lasteigenvector’ ‘rho0’ ‘boundary’ ‘convergence.at’ ‘cross’ Flavors: r-devel-linux-x86_64-debian-clang, r-devel-linux-x86_64-debian-gcc, r-devel-linux-x86_64-fedora-clang, r-devel-linux-x86_64-fedora-gcc, r-devel-windows-x86_64