CRAN Package Check Results for Package LRQMM

Last updated on 2021-05-05 22:51:40 CEST.

Flavor Version Tinstall Tcheck Ttotal Status Flags
r-devel-linux-x86_64-debian-clang 1.2.2 2.57 29.38 31.95 OK
r-devel-linux-x86_64-debian-gcc 1.2.2 1.92 22.59 24.51 OK
r-devel-linux-x86_64-fedora-clang 1.2.2 48.60 OK
r-devel-linux-x86_64-fedora-gcc 1.2.2 39.14 OK
r-devel-windows-ix86+x86_64 1.2.2 4.00 46.00 50.00 OK
r-devel-windows-x86_64-gcc10-UCRT 1.2.2 OK
r-patched-linux-x86_64 1.2.2 1.93 28.29 30.22 OK
r-patched-solaris-x86 1.2.2 53.30 OK
r-release-linux-x86_64 1.2.2 2.52 28.08 30.60 OK
r-release-macos-x86_64 1.2.2 ERROR
r-release-windows-ix86+x86_64 1.2.2 5.00 34.00 39.00 OK
r-oldrel-macos-x86_64 1.2.2 OK
r-oldrel-windows-ix86+x86_64 1.2.2 4.00 6.00 10.00 ERROR

Check Details

Version: 1.2.2
Check: package dependencies
Result: ERROR
    Package required but not available: ‘GeneticsPed’
    
    See section ‘The DESCRIPTION file’ in the ‘Writing R Extensions’
    manual.
Flavor: r-release-macos-x86_64

Version: 1.2.2
Check: whether package can be installed
Result: ERROR
    Installation failed.
    See for details.
    *
Flavor: r-oldrel-windows-ix86+x86_64