CRAN Package Check Results for Package LRQMM

Last updated on 2021-07-26 05:55:09 CEST.

Flavor Version Tinstall Tcheck Ttotal Status Flags
r-devel-linux-x86_64-debian-clang 1.2.2 2.62 29.08 31.70 OK
r-devel-linux-x86_64-debian-gcc 1.2.2 1.91 23.17 25.08 OK
r-devel-linux-x86_64-fedora-clang 1.2.2 47.74 OK
r-devel-linux-x86_64-fedora-gcc 1.2.2 36.99 OK
r-devel-windows-x86_64 1.2.2 5.00 47.00 52.00 OK
r-devel-windows-x86_64-gcc10-UCRT 1.2.2 OK
r-patched-linux-x86_64 1.2.2 2.31 28.08 30.39 OK
r-patched-solaris-x86 1.2.2 56.40 OK
r-release-linux-x86_64 1.2.2 2.38 28.35 30.73 OK
r-release-macos-arm64 1.2.2 ERROR
r-release-macos-x86_64 1.2.2 ERROR
r-release-windows-ix86+x86_64 1.2.2 5.00 40.00 45.00 OK
r-oldrel-macos-x86_64 1.2.2 ERROR
r-oldrel-windows-ix86+x86_64 1.2.2 4.00 45.00 49.00 OK

Check Details

Version: 1.2.2
Check: package dependencies
Result: ERROR
    Package required but not available: ‘GeneticsPed’
    
    See section ‘The DESCRIPTION file’ in the ‘Writing R Extensions’
    manual.
Flavors: r-release-macos-arm64, r-release-macos-x86_64, r-oldrel-macos-x86_64