CRAN Package Check Results for Package LRcontrast

Last updated on 2023-10-03 03:08:57 CEST.

Flavor Version Tinstall Tcheck Ttotal Status Flags
r-devel-linux-x86_64-debian-clang 1.0 3.70 31.80 35.50 OK
r-devel-linux-x86_64-debian-gcc 1.0 3.08 24.26 27.34 OK
r-devel-linux-x86_64-fedora-clang 1.0 43.77 NOTE
r-devel-linux-x86_64-fedora-gcc 1.0 44.95 NOTE
r-devel-windows-x86_64 1.0 7.00 47.00 54.00 OK
r-patched-linux-x86_64 1.0 4.03 30.74 34.77 OK
r-release-linux-x86_64 1.0 3.97 30.68 34.65 OK
r-release-macos-arm64 1.0 21.00 OK
r-release-macos-x86_64 1.0 28.00 OK
r-release-windows-x86_64 1.0 8.00 49.00 57.00 OK
r-oldrel-macos-arm64 1.0 20.00 OK
r-oldrel-macos-x86_64 1.0 22.00 OK
r-oldrel-windows-x86_64 1.0 7.00 54.00 61.00 OK

Check Details

Version: 1.0
Check: compiled code
Result: NOTE
    File ‘LRcontrast/libs/LRcontrast.so’:
     Found no calls to: ‘R_registerRoutines’, ‘R_useDynamicSymbols’
    
    It is good practice to register native routines and to disable symbol
    search.
    
    See ‘Writing portable packages’ in the ‘Writing R Extensions’ manual.
Flavors: r-devel-linux-x86_64-fedora-clang, r-devel-linux-x86_64-fedora-gcc