Last updated on 2022-08-17 21:52:41 CEST.
Flavor | Version | Tinstall | Tcheck | Ttotal | Status | Flags |
---|---|---|---|---|---|---|
r-devel-linux-x86_64-debian-clang | 1.0-3 | 15.55 | 133.20 | 148.75 | NOTE | |
r-devel-linux-x86_64-debian-gcc | 1.0-3 | NOTE | ||||
r-devel-linux-x86_64-fedora-clang | 1.0-3 | 186.46 | NOTE | |||
r-devel-linux-x86_64-fedora-gcc | 1.0-3 | 197.29 | NOTE | |||
r-devel-windows-x86_64 | 1.0-3 | 28.00 | 153.00 | 181.00 | OK | |
r-patched-linux-x86_64 | 1.0-3 | 14.34 | 121.08 | 135.42 | NOTE | |
r-release-linux-x86_64 | 1.0-3 | 12.05 | 123.13 | 135.18 | NOTE | |
r-release-macos-arm64 | 1.0-3 | 49.00 | NOTE | |||
r-release-macos-x86_64 | 1.0-3 | 72.00 | NOTE | |||
r-release-windows-x86_64 | 1.0-3 | 35.00 | 159.00 | 194.00 | OK | |
r-oldrel-macos-arm64 | 1.0-3 | 46.00 | NOTE | |||
r-oldrel-macos-x86_64 | 1.0-3 | 68.00 | NOTE | |||
r-oldrel-windows-ix86+x86_64 | 1.0-3 | 32.00 | 152.00 | 184.00 | OK |
Version: 1.0-3
Check: package dependencies
Result: NOTE
Package suggested but not available for checking: 'kerdiest'
Flavors: r-devel-linux-x86_64-debian-clang, r-devel-linux-x86_64-debian-gcc, r-devel-linux-x86_64-fedora-clang, r-devel-linux-x86_64-fedora-gcc, r-patched-linux-x86_64, r-release-linux-x86_64
Version: 1.0-3
Check: data for non-ASCII characters
Result: NOTE
Note: found 55 marked UTF-8 strings
Flavors: r-devel-linux-x86_64-fedora-clang, r-devel-linux-x86_64-fedora-gcc, r-release-macos-arm64, r-release-macos-x86_64, r-oldrel-macos-arm64, r-oldrel-macos-x86_64
Version: 1.0-3
Check: package dependencies
Result: NOTE
Package suggested but not available for checking: ‘miceadds’
Flavor: r-release-macos-arm64