CRAN Package Check Results for Package LSMonteCarlo

Last updated on 2019-05-20 18:54:10 CEST.

Flavor Version Tinstall Tcheck Ttotal Status Flags
r-devel-linux-x86_64-debian-clang 1.0 5.64 56.99 62.63 OK
r-devel-linux-x86_64-debian-gcc 1.0 4.15 43.67 47.82 OK
r-devel-linux-x86_64-fedora-clang 1.0 73.74 ERROR
r-devel-linux-x86_64-fedora-gcc 1.0 70.60 ERROR
r-devel-windows-ix86+x86_64 1.0 13.00 91.00 104.00 OK
r-patched-linux-x86_64 1.0 5.73 55.80 61.53 OK
r-patched-solaris-x86 1.0 101.20 OK
r-release-linux-x86_64 1.0 5.20 56.26 61.46 OK
r-release-windows-ix86+x86_64 1.0 14.00 88.00 102.00 OK
r-release-osx-x86_64 1.0 OK
r-oldrel-windows-ix86+x86_64 1.0 7.00 96.00 103.00 OK
r-oldrel-osx-x86_64 1.0 OK

Check Details

Version: 1.0
Check: PDF version of manual
Result: WARN
    LaTeX errors when creating PDF version.
    This typically indicates Rd problems.
    LaTeX errors found:
    ! Paragraph ended before \@wrindex was complete.
    <to be read again>
     \par
    l.39 Regression}{LSMonteCarlo-package}
    
    ! Extra }, or forgotten \endgroup.
    \keyword ...\index {$*$Topic{\large \ \textbf {#1}
     }!#2@\texttt {#2}}
    l.39 Regression}{LSMonteCarlo-package}
    
    ! Extra }, or forgotten \endgroup.
    \keyword ...index {$*$Topic{\large \ \textbf {#1}}
     !#2@\texttt {#2}}
    l.39 Regression}{LSMonteCarlo-package}
    
    ! Extra }, or forgotten \endgroup.
    <recently read> }
    
    l.39 Regression}{LSMonteCarlo-package}
    
    ! Emergency stop.
    <*> \input ./Rd2.tex
    
    *** (job aborted, no legal \end found)
    
    ! ==> Fatal error occurred, no output PDF file produced!
Flavors: r-devel-linux-x86_64-fedora-clang, r-devel-linux-x86_64-fedora-gcc

Version: 1.0
Check: PDF version of manual without hyperrefs or index
Result: ERROR
    
Flavors: r-devel-linux-x86_64-fedora-clang, r-devel-linux-x86_64-fedora-gcc