CRAN Package Check Results for Package LSRS

Last updated on 2025-01-13 15:49:23 CET.

Flavor Version Tinstall Tcheck Ttotal Status Flags
r-devel-linux-x86_64-debian-clang 0.2.0 1.51 16.87 18.38 OK
r-devel-linux-x86_64-debian-gcc 0.2.0 1.40 13.56 14.96 OK
r-devel-linux-x86_64-fedora-clang 0.2.0 29.88 OK
r-devel-linux-x86_64-fedora-gcc 0.2.0 28.33 OK
r-devel-windows-x86_64 0.2.0 2.00 40.00 42.00 OK
r-patched-linux-x86_64 0.2.0 1.84 16.24 18.08 NOTE
r-release-linux-x86_64 0.2.0 1.59 16.28 17.87 NOTE
r-release-macos-arm64 0.2.0 14.00 NOTE
r-release-macos-x86_64 0.2.0 19.00 NOTE
r-release-windows-x86_64 0.2.0 4.00 41.00 45.00 NOTE
r-oldrel-macos-arm64 0.2.0 15.00 NOTE
r-oldrel-macos-x86_64 0.2.0 19.00 NOTE
r-oldrel-windows-x86_64 0.2.0 3.00 42.00 45.00 NOTE

Check Details

Version: 0.2.0
Check: LazyData
Result: NOTE 'LazyData' is specified without a 'data' directory Flavors: r-patched-linux-x86_64, r-release-linux-x86_64, r-release-macos-arm64, r-release-macos-x86_64, r-release-windows-x86_64, r-oldrel-macos-arm64, r-oldrel-macos-x86_64, r-oldrel-windows-x86_64