CRAN Package Check Results for Package LUCIDus

Last updated on 2019-05-26 16:48:29 CEST.

Flavor Version Tinstall Tcheck Ttotal Status Flags
r-devel-linux-x86_64-debian-clang 0.9.0 11.51 133.74 145.25 OK
r-devel-linux-x86_64-debian-gcc 0.9.0 8.92 98.82 107.74 OK
r-devel-linux-x86_64-fedora-clang 0.9.0 162.43 NOTE
r-devel-linux-x86_64-fedora-gcc 0.9.0 154.58 NOTE
r-devel-windows-ix86+x86_64 0.9.0 16.00 203.00 219.00 OK
r-patched-linux-x86_64 0.9.0 OK
r-patched-solaris-x86 0.9.0 192.80 WARN
r-release-linux-x86_64 0.9.0 10.72 128.35 139.07 OK
r-release-windows-ix86+x86_64 0.9.0 25.00 292.00 317.00 OK
r-release-osx-x86_64 0.9.0 WARN
r-oldrel-windows-ix86+x86_64 0.9.0 17.00 310.00 327.00 OK
r-oldrel-osx-x86_64 0.9.0 WARN

Check Details

Version: 0.9.0
Check: dependencies in R code
Result: NOTE
    Namespace in Imports field not imported from: ‘methods’
     All declared Imports should be used.
Flavors: r-devel-linux-x86_64-fedora-clang, r-devel-linux-x86_64-fedora-gcc, r-patched-solaris-x86, r-release-osx-x86_64, r-oldrel-osx-x86_64

Version: 0.9.0
Check: re-building of vignette outputs
Result: WARN
    Error(s) in re-building vignettes:
     ...
    --- re-building ‘LUCIDus-vignette.Rmd’ using rmarkdown
    Warning in engine$weave(file, quiet = quiet, encoding = enc) :
     Pandoc (>= 1.12.3) and/or pandoc-citeproc not available. Falling back to R Markdown v1.
    Quitting from lines 62-63 (LUCIDus-vignette.Rmd)
    Error: processing vignette 'LUCIDus-vignette.Rmd' failed with diagnostics:
    there is no package called 'webshot'
    --- failed re-building ‘LUCIDus-vignette.Rmd’
    
    SUMMARY: processing the following file failed:
     ‘LUCIDus-vignette.Rmd’
    
    Error: Vignette re-building failed.
    Execution halted
Flavor: r-patched-solaris-x86

Version: 0.9.0
Check: re-building of vignette outputs
Result: WARN
    Error(s) in re-building vignettes:
     ...
    --- re-building ‘LUCIDus-vignette.Rmd’ using rmarkdown
    Warning in engine$weave(file, quiet = quiet, encoding = enc) :
     Pandoc (>= 1.12.3) and/or pandoc-citeproc not available. Falling back to R Markdown v1.
    Quitting from lines 62-63 (LUCIDus-vignette.Rmd)
    Error: processing vignette 'LUCIDus-vignette.Rmd' failed with diagnostics:
    cannot open the connection
    --- failed re-building ‘LUCIDus-vignette.Rmd’
    
    SUMMARY: processing the following file failed:
     ‘LUCIDus-vignette.Rmd’
    
    Error: Vignette re-building failed.
    Execution halted
Flavor: r-release-osx-x86_64

Version: 0.9.0
Check: re-building of vignette outputs
Result: WARN
    Error in re-building vignettes:
     ...
    Warning in engine$weave(file, quiet = quiet, encoding = enc) :
     Pandoc (>= 1.12.3) and/or pandoc-citeproc not available. Falling back to R Markdown v1.
    Quitting from lines 62-63 (LUCIDus-vignette.Rmd)
    Error: processing vignette 'LUCIDus-vignette.Rmd' failed with diagnostics:
    cannot open the connection
    Execution halted
Flavor: r-oldrel-osx-x86_64