Last updated on 2022-08-12 04:53:27 CEST.
Flavor | Version | Tinstall | Tcheck | Ttotal | Status | Flags |
---|---|---|---|---|---|---|
r-devel-linux-x86_64-debian-clang | 2.2 | 10.79 | 134.15 | 144.94 | OK | |
r-devel-linux-x86_64-debian-gcc | 2.2 | 8.58 | 100.58 | 109.16 | OK | |
r-devel-linux-x86_64-fedora-clang | 2.2 | 192.55 | OK | |||
r-devel-linux-x86_64-fedora-gcc | 2.2 | 181.61 | OK | |||
r-devel-windows-x86_64 | 2.2 | 29.00 | 156.00 | 185.00 | OK | |
r-patched-linux-x86_64 | 2.2 | 13.96 | 131.82 | 145.78 | OK | |
r-release-linux-x86_64 | 2.2 | 12.90 | 130.50 | 143.40 | OK | |
r-release-macos-arm64 | 2.1.5-2 | 45.00 | NOTE | |||
r-release-macos-x86_64 | 2.2 | 77.00 | OK | |||
r-release-windows-x86_64 | 2.2 | 22.00 | 166.00 | 188.00 | OK | |
r-oldrel-macos-arm64 | 2.1.5-2 | 46.00 | NOTE | |||
r-oldrel-macos-x86_64 | 2.2 | 71.00 | OK | |||
r-oldrel-windows-ix86+x86_64 | 2.2 | 29.00 | 171.00 | 200.00 | OK |
Version: 2.1.5-2
Check: dependencies in R code
Result: NOTE
Namespace in Imports field not imported from: ‘mix’
All declared Imports should be used.
Flavors: r-release-macos-arm64, r-oldrel-macos-arm64