CRAN Package Check Results for Package LWFBrook90R

Last updated on 2021-09-19 03:51:13 CEST.

Flavor Version Tinstall Tcheck Ttotal Status Flags
r-devel-linux-x86_64-debian-clang 0.4.4 14.64 57.63 72.27 OK
r-devel-linux-x86_64-debian-gcc 0.4.4 11.40 42.38 53.78 OK
r-devel-linux-x86_64-fedora-clang 0.4.4 96.09 OK
r-devel-linux-x86_64-fedora-gcc 0.4.4 88.65 OK
r-devel-windows-x86_64 0.4.4 15.00 87.00 102.00 OK
r-devel-windows-x86_64-gcc10-UCRT 0.4.4 ERROR
r-patched-linux-x86_64 0.4.4 14.50 54.80 69.30 OK
r-patched-solaris-x86 0.4.4 138.00 OK
r-release-linux-x86_64 0.4.4 12.55 54.59 67.14 OK
r-release-macos-arm64 0.4.4 OK
r-release-macos-x86_64 0.4.4 OK
r-release-windows-ix86+x86_64 0.4.4 35.00 143.00 178.00 OK
r-oldrel-macos-x86_64 0.4.4 OK
r-oldrel-windows-ix86+x86_64 0.4.4 33.00 151.00 184.00 OK

Check Details

Version: 0.4.4
Check: whether package can be installed
Result: ERROR
    Installation failed.
Flavor: r-devel-windows-x86_64-gcc10-UCRT