CRAN Package Check Results for Package LZeroSpikeInference

Last updated on 2022-08-15 23:56:59 CEST.

Flavor Version Tinstall Tcheck Ttotal Status Flags
r-devel-linux-x86_64-debian-clang 1.0.3 1.96 28.77 30.73 NOTE
r-devel-linux-x86_64-debian-gcc 1.0.3 1.85 22.08 23.93 NOTE
r-devel-linux-x86_64-fedora-clang 1.0.3 48.13 NOTE
r-devel-linux-x86_64-fedora-gcc 1.0.3 47.55 NOTE
r-devel-windows-x86_64 1.0.3 110.00 52.00 162.00 NOTE
r-patched-linux-x86_64 1.0.3 2.21 27.36 29.57 NOTE
r-release-linux-x86_64 1.0.3 2.44 26.86 29.30 NOTE
r-release-macos-arm64 1.0.3 16.00 NOTE
r-release-macos-x86_64 1.0.3 23.00 NOTE
r-release-windows-x86_64 1.0.3 63.00 51.00 114.00 NOTE
r-oldrel-macos-arm64 1.0.3 18.00 NOTE
r-oldrel-macos-x86_64 1.0.3 30.00 NOTE
r-oldrel-windows-ix86+x86_64 1.0.3 6.00 51.00 57.00 NOTE

Check Details

Version: 1.0.3
Check: LazyData
Result: NOTE
     'LazyData' is specified without a 'data' directory
Flavors: r-devel-linux-x86_64-debian-clang, r-devel-linux-x86_64-debian-gcc, r-devel-linux-x86_64-fedora-clang, r-devel-linux-x86_64-fedora-gcc, r-devel-windows-x86_64, r-patched-linux-x86_64, r-release-linux-x86_64, r-release-macos-arm64, r-release-macos-x86_64, r-release-windows-x86_64, r-oldrel-macos-arm64, r-oldrel-macos-x86_64, r-oldrel-windows-ix86+x86_64