CRAN Package Check Results for Package Lahman

Last updated on 2025-01-25 13:51:07 CET.

Flavor Version Tinstall Tcheck Ttotal Status Flags
r-devel-linux-x86_64-debian-clang 12.0-0 40.08 87.53 127.61 NOTE
r-devel-linux-x86_64-debian-gcc 12.0-0 28.44 62.71 91.15 NOTE
r-devel-linux-x86_64-fedora-clang 12.0-0 201.59 OK
r-devel-linux-x86_64-fedora-gcc 12.0-0 211.19 OK
r-devel-windows-x86_64 12.0-0 41.00 119.00 160.00 OK
r-patched-linux-x86_64 12.0-0 38.70 80.82 119.52 OK
r-release-linux-x86_64 12.0-0 39.50 80.90 120.40 OK
r-release-macos-arm64 12.0-0 84.00 NOTE
r-release-macos-x86_64 12.0-0 139.00 NOTE
r-release-windows-x86_64 12.0-0 36.00 115.00 151.00 NOTE
r-oldrel-macos-arm64 12.0-0 86.00 NOTE
r-oldrel-macos-x86_64 12.0-0 125.00 NOTE
r-oldrel-windows-x86_64 12.0-0 45.00 135.00 180.00 NOTE

Check Details

Version: 12.0-0
Check: for unstated dependencies in ‘demo’
Result: NOTE 'library' or 'require' call not declared from: ‘plyr’ Flavors: r-devel-linux-x86_64-debian-clang, r-devel-linux-x86_64-debian-gcc

Version: 12.0-0
Check: installed package size
Result: NOTE installed size is 6.8Mb sub-directories of 1Mb or more: data 5.9Mb Flavors: r-release-macos-arm64, r-release-macos-x86_64, r-release-windows-x86_64, r-oldrel-macos-arm64, r-oldrel-macos-x86_64, r-oldrel-windows-x86_64