CRAN Package Check Results for Package Lahman

Last updated on 2022-11-30 04:50:25 CET.

Flavor Version Tinstall Tcheck Ttotal Status Flags
r-devel-linux-x86_64-debian-clang 10.0-1 45.69 111.93 157.62 OK
r-devel-linux-x86_64-debian-gcc 10.0-1 38.43 83.79 122.22 OK
r-devel-linux-x86_64-fedora-clang 10.0-1 211.07 NOTE
r-devel-linux-x86_64-fedora-gcc 10.0-1 219.41 OK
r-devel-windows-x86_64 10.0-1 70.00 161.00 231.00 NOTE
r-patched-linux-x86_64 10.0-1 45.10 102.34 147.44 OK
r-release-linux-x86_64 10.0-1 46.07 92.55 138.62 OK
r-release-macos-arm64 10.0-1 85.00 NOTE
r-release-macos-x86_64 10.0-1 98.00 NOTE
r-release-windows-x86_64 10.0-1 70.00 164.00 234.00 NOTE
r-oldrel-macos-arm64 10.0-1 78.00 NOTE
r-oldrel-macos-x86_64 10.0-1 101.00 NOTE
r-oldrel-windows-ix86+x86_64 10.0-1 63.00 146.00 209.00 NOTE

Check Details

Version: 10.0-1
Check: installed package size
Result: NOTE
     installed size is 6.4Mb
     sub-directories of 1Mb or more:
     data 5.5Mb
Flavors: r-devel-linux-x86_64-fedora-clang, r-devel-windows-x86_64, r-release-macos-arm64, r-release-macos-x86_64, r-release-windows-x86_64, r-oldrel-macos-arm64, r-oldrel-macos-x86_64, r-oldrel-windows-ix86+x86_64

Version: 10.0-1
Check: Rd cross-references
Result: NOTE
    Undeclared package ‘plyr’ in Rd xrefs
Flavor: r-devel-linux-x86_64-fedora-clang