CRAN Package Check Results for Package LakeMetabolizer

Last updated on 2019-06-19 18:52:41 CEST.

Flavor Version Tinstall Tcheck Ttotal Status Flags
r-devel-linux-x86_64-debian-clang 1.5.0 5.33 37.61 42.94 OK
r-devel-linux-x86_64-debian-gcc 1.5.0 5.35 29.90 35.25 OK
r-devel-linux-x86_64-fedora-clang 1.5.0 52.44 NOTE
r-devel-linux-x86_64-fedora-gcc 1.5.0 50.45 NOTE
r-devel-windows-ix86+x86_64 1.5.0 21.00 84.00 105.00 OK
r-patched-linux-x86_64 1.5.0 7.08 37.51 44.59 OK
r-patched-solaris-x86 1.5.0 77.60 OK
r-release-linux-x86_64 1.5.0 5.26 38.05 43.31 OK
r-release-windows-ix86+x86_64 1.5.0 20.00 80.00 100.00 OK
r-release-osx-x86_64 1.5.0 OK
r-oldrel-windows-ix86+x86_64 1.5.0 12.00 81.00 93.00 OK
r-oldrel-osx-x86_64 1.5.0 OK

Check Details

Version: 1.5.0
Check: compiled code
Result: NOTE
    File ‘LakeMetabolizer/libs/LakeMetabolizer.so’:
     Found no calls to: ‘R_registerRoutines’, ‘R_useDynamicSymbols’
    
    It is good practice to register native routines and to disable symbol
    search.
    
    See ‘Writing portable packages’ in the ‘Writing R Extensions’ manual.
Flavors: r-devel-linux-x86_64-fedora-clang, r-devel-linux-x86_64-fedora-gcc