CRAN Package Check Results for Package LakeMetabolizer

Last updated on 2021-11-27 23:51:27 CET.

Flavor Version Tinstall Tcheck Ttotal Status Flags
r-devel-linux-x86_64-debian-clang 1.5.0 OK
r-devel-linux-x86_64-debian-gcc 1.5.0 6.01 34.04 40.05 OK
r-devel-linux-x86_64-fedora-clang 1.5.0 73.66 NOTE
r-devel-linux-x86_64-fedora-gcc 1.5.0 62.07 NOTE
r-devel-windows-x86_64-new-UL 1.5.0 20.00 83.00 103.00 OK
r-devel-windows-x86_64-new-TK 1.5.0 OK
r-devel-windows-x86_64-old 1.5.0 10.00 68.00 78.00 OK
r-patched-linux-x86_64 1.5.0 9.56 43.69 53.25 OK
r-patched-solaris-x86 1.5.0 86.50 OK
r-release-linux-x86_64 1.5.0 OK
r-release-macos-arm64 1.5.0 NOTE
r-release-macos-x86_64 1.5.0 OK
r-release-windows-ix86+x86_64 1.5.0 18.00 59.00 77.00 OK
r-oldrel-macos-x86_64 1.5.0 OK
r-oldrel-windows-ix86+x86_64 1.5.0 14.00 80.00 94.00 OK

Check Details

Version: 1.5.0
Check: compiled code
Result: NOTE
    File ‘LakeMetabolizer/libs/LakeMetabolizer.so’:
     Found no calls to: ‘R_registerRoutines’, ‘R_useDynamicSymbols’
    
    It is good practice to register native routines and to disable symbol
    search.
    
    See ‘Writing portable packages’ in the ‘Writing R Extensions’ manual.
Flavors: r-devel-linux-x86_64-fedora-clang, r-devel-linux-x86_64-fedora-gcc

Version: 1.5.0
Check: package dependencies
Result: NOTE
    Package suggested but not available for checking: ‘R2jags’
Flavor: r-release-macos-arm64

Version: 1.5.0
Check: Rd cross-references
Result: NOTE
    Package unavailable to check Rd xrefs: ‘R2jags’
Flavor: r-release-macos-arm64