CRAN Package Check Results for Package LakeMetabolizer

Last updated on 2019-01-19 21:46:31 CET.

Flavor Version Tinstall Tcheck Ttotal Status Flags
r-devel-linux-x86_64-debian-clang 1.5.0 5.07 38.87 43.94 OK
r-devel-linux-x86_64-debian-gcc 1.5.0 4.70 30.48 35.18 OK
r-devel-linux-x86_64-fedora-clang 1.5.0 52.20 NOTE
r-devel-linux-x86_64-fedora-gcc 1.5.0 48.29 NOTE
r-devel-windows-ix86+x86_64 1.5.0 15.00 85.00 100.00 OK
r-patched-linux-x86_64 1.5.0 5.37 36.23 41.60 OK
r-patched-solaris-x86 1.5.0 71.90 OK
r-release-linux-x86_64 1.5.0 5.77 35.50 41.27 OK
r-release-windows-ix86+x86_64 1.5.0 18.00 78.00 96.00 OK
r-release-osx-x86_64 1.5.0 OK
r-oldrel-windows-ix86+x86_64 1.5.0 16.00 65.00 81.00 OK
r-oldrel-osx-x86_64 1.5.0 NOTE

Check Details

Version: 1.5.0
Check: compiled code
Result: NOTE
    File ‘LakeMetabolizer/libs/LakeMetabolizer.so’:
     Found no calls to: ‘R_registerRoutines’, ‘R_useDynamicSymbols’
    
    It is good practice to register native routines and to disable symbol
    search.
    
    See ‘Writing portable packages’ in the ‘Writing R Extensions’ manual.
Flavors: r-devel-linux-x86_64-fedora-clang, r-devel-linux-x86_64-fedora-gcc

Version: 1.5.0
Check: package dependencies
Result: NOTE
    Package suggested but not available for checking: ‘R2jags’
Flavor: r-oldrel-osx-x86_64

Version: 1.5.0
Check: Rd cross-references
Result: NOTE
    Package unavailable to check Rd xrefs: ‘R2jags’
Flavor: r-oldrel-osx-x86_64