CRAN Package Check Results for Package LassoNet

Last updated on 2021-09-24 03:50:56 CEST.

Flavor Version Tinstall Tcheck Ttotal Status Flags
r-devel-linux-x86_64-debian-clang 0.8.3 20.64 32.16 52.80 OK
r-devel-linux-x86_64-debian-gcc 0.8.3 12.09 24.97 37.06 OK
r-devel-linux-x86_64-fedora-clang 0.8.3 78.34 NOTE
r-devel-linux-x86_64-fedora-gcc 0.8.3 65.21 NOTE
r-devel-windows-x86_64 0.8.3 23.00 45.00 68.00 OK
r-devel-windows-x86_64-gcc10-UCRT 0.8.3 OK
r-patched-linux-x86_64 0.8.3 14.80 30.75 45.55 OK
r-patched-solaris-x86 0.8.3 85.40 OK
r-release-linux-x86_64 0.8.3 14.74 30.96 45.70 OK
r-release-macos-arm64 0.8.3 OK
r-release-macos-x86_64 0.8.3 OK
r-release-windows-ix86+x86_64 0.8.3 47.00 74.00 121.00 OK
r-oldrel-macos-x86_64 0.8.3 OK
r-oldrel-windows-ix86+x86_64 0.8.3 36.00 57.00 93.00 OK

Check Details

Version: 0.8.3
Check: Rd cross-references
Result: NOTE
    Undeclared package ‘glmnet’ in Rd xrefs
Flavor: r-devel-linux-x86_64-fedora-clang

Version: 0.8.3
Check: compiled code
Result: NOTE
    File ‘LassoNet/libs/LassoNet.so’:
     Found no calls to: ‘R_registerRoutines’, ‘R_useDynamicSymbols’
    
    It is good practice to register native routines and to disable symbol
    search.
    
    See ‘Writing portable packages’ in the ‘Writing R Extensions’ manual.
Flavors: r-devel-linux-x86_64-fedora-clang, r-devel-linux-x86_64-fedora-gcc