Last updated on 2022-08-14 02:51:47 CEST.
Flavor | Version | Tinstall | Tcheck | Ttotal | Status | Flags |
---|---|---|---|---|---|---|
r-devel-linux-x86_64-debian-clang | 8.4 | 14.72 | 457.96 | 472.68 | NOTE | |
r-devel-linux-x86_64-debian-gcc | 8.4 | 10.52 | 385.41 | 395.93 | NOTE | |
r-devel-linux-x86_64-fedora-clang | 8.4 | 598.80 | NOTE | |||
r-devel-linux-x86_64-fedora-gcc | 8.4 | 627.97 | NOTE | |||
r-devel-windows-x86_64 | 8.4 | 71.00 | 83.00 | 154.00 | NOTE | --no-examples --no-tests --no-vignettes |
r-patched-linux-x86_64 | 8.4 | 17.46 | 433.90 | 451.36 | OK | |
r-release-linux-x86_64 | 8.4 | 15.06 | 436.32 | 451.38 | OK | |
r-release-macos-arm64 | 8.4 | 213.00 | OK | |||
r-release-macos-x86_64 | 8.4 | 337.00 | OK | |||
r-release-windows-x86_64 | 8.4 | 65.00 | 77.00 | 142.00 | OK | --no-examples --no-tests --no-vignettes |
r-oldrel-macos-arm64 | 8.4 | 255.00 | OK | |||
r-oldrel-macos-x86_64 | 8.4 | 342.00 | OK | |||
r-oldrel-windows-ix86+x86_64 | 8.4 | 34.00 | 107.00 | 141.00 | OK | --no-examples --no-tests --no-vignettes |
Version: 8.4
Check: Rd files
Result: NOTE
checkRd: (-1) LKrig.MLE.Rd:114: Escaped LaTeX specials: \$ \$
checkRd: (-1) LKrig.MLE.Rd:115: Escaped LaTeX specials: \$
Flavors: r-devel-linux-x86_64-debian-clang, r-devel-linux-x86_64-debian-gcc, r-devel-linux-x86_64-fedora-clang, r-devel-linux-x86_64-fedora-gcc
Version: 8.4
Flags: --no-examples --no-tests --no-vignettes
Check: Rd files
Result: NOTE
checkRd: (-1) LKrig.MLE.Rd:114: Escaped LaTeX specials: \$ \$
checkRd: (-1) LKrig.MLE.Rd:115: Escaped LaTeX specials: \$
Flavor: r-devel-windows-x86_64