Last updated on 2023-09-25 01:03:39 CEST.
Flavor | Version | Tinstall | Tcheck | Ttotal | Status | Flags |
---|---|---|---|---|---|---|
r-devel-linux-x86_64-debian-clang | 1.0.0 | 5.40 | 34.02 | 39.42 | NOTE | |
r-devel-linux-x86_64-debian-gcc | 1.0.0 | 3.59 | 26.08 | 29.67 | NOTE | |
r-devel-linux-x86_64-fedora-clang | 1.0.0 | 47.11 | NOTE | |||
r-devel-linux-x86_64-fedora-gcc | 1.0.0 | 50.68 | NOTE | |||
r-devel-windows-x86_64 | 1.0.0 | 7.00 | 46.00 | 53.00 | NOTE | |
r-patched-linux-x86_64 | 1.0.0 | 4.19 | 33.04 | 37.23 | NOTE | |
r-release-linux-x86_64 | 1.0.0 | 5.52 | 33.18 | 38.70 | NOTE | |
r-release-macos-arm64 | 1.0.0 | 22.00 | NOTE | |||
r-release-macos-x86_64 | 1.0.0 | 27.00 | NOTE | |||
r-release-windows-x86_64 | 1.0.0 | 7.00 | 48.00 | 55.00 | NOTE | |
r-oldrel-macos-arm64 | 1.0.0 | 18.00 | NOTE | |||
r-oldrel-macos-x86_64 | 1.0.0 | 30.00 | NOTE | |||
r-oldrel-windows-x86_64 | 1.0.0 | 11.00 | 50.00 | 61.00 | NOTE |
Version: 1.0.0
Check: LazyData
Result: NOTE
'LazyData' is specified without a 'data' directory
Flavors: r-devel-linux-x86_64-debian-clang, r-devel-linux-x86_64-debian-gcc, r-devel-linux-x86_64-fedora-clang, r-devel-linux-x86_64-fedora-gcc, r-devel-windows-x86_64, r-patched-linux-x86_64, r-release-linux-x86_64, r-release-macos-arm64, r-release-macos-x86_64, r-release-windows-x86_64, r-oldrel-macos-arm64, r-oldrel-macos-x86_64, r-oldrel-windows-x86_64