CRAN Package Check Results for Package LearnGeom

Last updated on 2020-08-10 20:46:57 CEST.

Flavor Version Tinstall Tcheck Ttotal Status Flags
r-devel-linux-x86_64-debian-clang 1.5 4.13 28.47 32.60 OK
r-devel-linux-x86_64-debian-gcc 1.5 3.15 22.04 25.19 OK
r-devel-linux-x86_64-fedora-clang 1.5 46.77 OK
r-devel-linux-x86_64-fedora-gcc 1.5 37.15 OK
r-devel-windows-ix86+x86_64 1.5 10.00 43.00 53.00 OK
r-patched-linux-x86_64 1.5 3.06 28.22 31.28 OK
r-patched-solaris-x86 1.5 48.20 OK
r-release-linux-x86_64 1.5 3.97 28.28 32.25 OK
r-release-macos-x86_64 1.5 OK
r-release-windows-ix86+x86_64 1.5 9.00 59.00 68.00 OK
r-oldrel-macos-x86_64 1.5 ERROR
r-oldrel-windows-ix86+x86_64 1.5 8.00 37.00 45.00 ERROR

Check Details

Version: 1.5
Check: examples
Result: ERROR
    Running examples in ‘LearnGeom-Ex.R’ failed
    The error most likely occurred in:
    
    > ### Name: Rotate
    > ### Title: Rotates a geometric object
    > ### Aliases: Rotate
    >
    > ### ** Examples
    >
    > x_min <- -5
    > x_max <- 5
    > y_min <- -5
    > y_max <- 5
    > CoordinatePlane(x_min, x_max, y_min, y_max)
    NULL
    > P1 <- c(0,0)
    > P2 <- c(1,1)
    > P3 <- c(2,0)
    > Poly <- CreatePolygon(P1, P2, P3)
    [1] "Some of the inserted points are collinear. This could lead to a defective polygon."
    > Draw(Poly, "blue")
    NULL
    > fixed <- c(-1,-1)
    > angle <- 30
    > Poly_rotated <- Rotate(Poly, fixed, angle)
    Error in Rotate(Poly, fixed, angle) : object 'object_new' not found
    Execution halted
Flavors: r-oldrel-macos-x86_64, r-oldrel-windows-ix86+x86_64