CRAN Package Check Results for Package LearningStats

Last updated on 2024-05-25 05:52:28 CEST.

Flavor Version Tinstall Tcheck Ttotal Status Flags
r-devel-linux-x86_64-debian-clang 0.1.0 13.32 68.28 81.60 NOTE
r-devel-linux-x86_64-debian-gcc 0.1.0 10.40 47.37 57.77 NOTE
r-devel-linux-x86_64-fedora-clang 0.1.0 97.01 NOTE
r-devel-linux-x86_64-fedora-gcc 0.1.0 91.28 NOTE
r-devel-windows-x86_64 0.1.0 12.00 69.00 81.00 NOTE
r-patched-linux-x86_64 0.1.0 9.20 61.79 70.99 NOTE
r-release-linux-x86_64 0.1.0 8.19 60.90 69.09 NOTE
r-release-macos-arm64 0.1.0 28.00 NOTE
r-release-windows-x86_64 0.1.0 12.00 67.00 79.00 NOTE
r-oldrel-macos-arm64 0.1.0 30.00 OK
r-oldrel-macos-x86_64 0.1.0 50.00 OK
r-oldrel-windows-x86_64 0.1.0 17.00 75.00 92.00 OK

Check Details

Version: 0.1.0
Check: Rd files
Result: NOTE checkRd: (-1) S2mu.Rd:18: Lost braces; missing escapes or markup? 18 | \code{S2mu} computes a estimation of the variance, given a sample {x} with known population mean (denoted by \code{mu}). | ^ checkRd: (-1) sample.quantile.Rd:20: Lost braces; missing escapes or markup? 20 | \code{sample.quantile} computes a estimation of different quantiles, given a sample {x}, using order statistics. | ^ Flavors: r-devel-linux-x86_64-debian-clang, r-devel-linux-x86_64-debian-gcc, r-devel-linux-x86_64-fedora-clang, r-devel-linux-x86_64-fedora-gcc, r-devel-windows-x86_64, r-patched-linux-x86_64, r-release-linux-x86_64, r-release-macos-arm64, r-release-windows-x86_64