CRAN Package Check Results for Package LiblineaR.ACF

Last updated on 2018-09-25 06:46:42 CEST.

Flavor Version Tinstall Tcheck Ttotal Status Flags
r-devel-linux-x86_64-debian-clang 1.94-2 4.71 25.57 30.28 OK
r-devel-linux-x86_64-debian-gcc 1.94-2 3.76 21.40 25.16 OK
r-devel-linux-x86_64-fedora-clang 1.94-2 37.04 NOTE
r-devel-linux-x86_64-fedora-gcc 1.94-2 35.98 NOTE
r-devel-windows-ix86+x86_64 1.94-2 22.00 76.00 98.00 OK
r-patched-linux-x86_64 1.94-2 4.30 25.12 29.42 OK
r-patched-solaris-x86 1.94-2 64.00 OK
r-release-linux-x86_64 1.94-2 3.66 25.22 28.88 OK
r-release-windows-ix86+x86_64 1.94-2 13.00 73.00 86.00 OK
r-release-osx-x86_64 1.94-2 OK
r-oldrel-windows-ix86+x86_64 1.94-2 12.00 70.00 82.00 OK
r-oldrel-osx-x86_64 1.94-2 OK

Check Details

Version: 1.94-2
Check: compiled code
Result: NOTE
    File ‘LiblineaR.ACF/libs/LiblineaR.ACF.so’:
     Found no calls to: ‘R_registerRoutines’, ‘R_useDynamicSymbols’
    
    It is good practice to register native routines and to disable symbol
    search.
    
    See ‘Writing portable packages’ in the ‘Writing R Extensions’ manual.
Flavors: r-devel-linux-x86_64-fedora-clang, r-devel-linux-x86_64-fedora-gcc