CRAN Package Check Results for Package LiblineaR.ACF

Last updated on 2018-07-20 02:51:27 CEST.

Flavor Version Tinstall Tcheck Ttotal Status Flags
r-devel-linux-x86_64-debian-clang 1.94-2 5.15 22.00 27.15 NOTE
r-devel-linux-x86_64-debian-gcc 1.94-2 3.50 21.03 24.53 NOTE
r-devel-linux-x86_64-fedora-clang 1.94-2 35.29 NOTE
r-devel-linux-x86_64-fedora-gcc 1.94-2 35.95 NOTE
r-devel-windows-ix86+x86_64 1.94-2 15.00 76.00 91.00 OK
r-patched-linux-x86_64 1.94-2 3.64 25.10 28.74 NOTE
r-patched-solaris-x86 1.94-2 66.20 OK
r-release-linux-x86_64 1.94-2 4.25 25.52 29.77 NOTE
r-release-windows-ix86+x86_64 1.94-2 20.00 52.00 72.00 OK
r-release-osx-x86_64 1.94-2 OK
r-oldrel-windows-ix86+x86_64 1.94-2 16.00 52.00 68.00 OK
r-oldrel-osx-x86_64 1.94-2 OK

Check Details

Version: 1.94-2
Check: compiled code
Result: NOTE
    File ‘LiblineaR.ACF/libs/LiblineaR.ACF.so’:
     Found no calls to: ‘R_registerRoutines’, ‘R_useDynamicSymbols’
    
    It is good practice to register native routines and to disable symbol
    search.
    
    See ‘Writing portable packages’ in the ‘Writing R Extensions’ manual.
Flavors: r-devel-linux-x86_64-debian-clang, r-devel-linux-x86_64-debian-gcc, r-devel-linux-x86_64-fedora-clang, r-devel-linux-x86_64-fedora-gcc, r-patched-linux-x86_64, r-release-linux-x86_64