CRAN Package Check Results for Package LiblineaR.ACF

Last updated on 2021-05-15 16:48:22 CEST.

Flavor Version Tinstall Tcheck Ttotal Status Flags
r-devel-linux-x86_64-debian-clang 1.94-2 6.69 28.84 35.53 OK
r-devel-linux-x86_64-debian-gcc 1.94-2 4.09 23.32 27.41 OK
r-devel-linux-x86_64-fedora-clang 1.94-2 54.26 NOTE
r-devel-linux-x86_64-fedora-gcc 1.94-2 42.30 NOTE
r-devel-windows-ix86+x86_64 1.94-2 16.00 55.00 71.00 OK
r-devel-windows-x86_64-gcc10-UCRT 1.94-2 OK
r-patched-linux-x86_64 1.94-2 4.95 29.10 34.05 OK
r-patched-solaris-x86 1.94-2 75.60 OK
r-release-linux-x86_64 1.94-2 5.39 29.36 34.75 OK
r-release-macos-x86_64 1.94-2 OK
r-release-windows-ix86+x86_64 1.94-2 13.00 67.00 80.00 OK
r-oldrel-macos-x86_64 1.94-2 OK
r-oldrel-windows-ix86+x86_64 1.94-2 11.00 61.00 72.00 OK

Check Details

Version: 1.94-2
Check: Rd cross-references
Result: NOTE
    Undeclared package ‘LiblineaR’ in Rd xrefs
Flavor: r-devel-linux-x86_64-fedora-clang

Version: 1.94-2
Check: compiled code
Result: NOTE
    File ‘LiblineaR.ACF/libs/LiblineaR.ACF.so’:
     Found no calls to: ‘R_registerRoutines’, ‘R_useDynamicSymbols’
    
    It is good practice to register native routines and to disable symbol
    search.
    
    See ‘Writing portable packages’ in the ‘Writing R Extensions’ manual.
Flavors: r-devel-linux-x86_64-fedora-clang, r-devel-linux-x86_64-fedora-gcc