CRAN Package Check Results for Package LiblineaR.ACF

Last updated on 2019-03-24 22:49:44 CET.

Flavor Version Tinstall Tcheck Ttotal Status Flags
r-devel-linux-x86_64-debian-clang 1.94-2 5.18 24.44 29.62 OK
r-devel-linux-x86_64-debian-gcc 1.94-2 4.02 20.43 24.45 OK
r-devel-linux-x86_64-fedora-clang 1.94-2 37.77 NOTE
r-devel-linux-x86_64-fedora-gcc 1.94-2 36.40 NOTE
r-devel-windows-ix86+x86_64 1.94-2 22.00 59.00 81.00 OK
r-patched-linux-x86_64 1.94-2 3.64 25.03 28.67 OK
r-patched-solaris-x86 1.94-2 67.20 OK
r-release-linux-x86_64 1.94-2 3.77 25.25 29.02 OK
r-release-windows-ix86+x86_64 1.94-2 13.00 57.00 70.00 OK
r-release-osx-x86_64 1.94-2 OK
r-oldrel-windows-ix86+x86_64 1.94-2 13.00 55.00 68.00 OK
r-oldrel-osx-x86_64 1.94-2 OK

Check Details

Version: 1.94-2
Check: compiled code
Result: NOTE
    File ‘LiblineaR.ACF/libs/LiblineaR.ACF.so’:
     Found no calls to: ‘R_registerRoutines’, ‘R_useDynamicSymbols’
    
    It is good practice to register native routines and to disable symbol
    search.
    
    See ‘Writing portable packages’ in the ‘Writing R Extensions’ manual.
Flavors: r-devel-linux-x86_64-fedora-clang, r-devel-linux-x86_64-fedora-gcc