CRAN Package Check Results for Package LiblineaR.ACF

Last updated on 2018-12-13 14:47:39 CET.

Flavor Version Tinstall Tcheck Ttotal Status Flags
r-devel-linux-x86_64-debian-clang 1.94-2 5.09 25.85 30.94 OK
r-devel-linux-x86_64-debian-gcc 1.94-2 3.71 21.22 24.93 OK
r-devel-linux-x86_64-fedora-clang 1.94-2 36.55 NOTE
r-devel-linux-x86_64-fedora-gcc 1.94-2 36.39 NOTE
r-devel-windows-ix86+x86_64 1.94-2 21.00 71.00 92.00 OK
r-patched-linux-x86_64 1.94-2 3.72 25.28 29.00 OK
r-patched-solaris-x86 1.94-2 66.70 OK
r-release-linux-x86_64 1.94-2 3.94 25.57 29.51 OK
r-release-windows-ix86+x86_64 1.94-2 12.00 74.00 86.00 OK
r-release-osx-x86_64 1.94-2 OK
r-oldrel-windows-ix86+x86_64 1.94-2 11.00 58.00 69.00 OK
r-oldrel-osx-x86_64 1.94-2 OK

Check Details

Version: 1.94-2
Check: compiled code
Result: NOTE
    File ‘LiblineaR.ACF/libs/LiblineaR.ACF.so’:
     Found no calls to: ‘R_registerRoutines’, ‘R_useDynamicSymbols’
    
    It is good practice to register native routines and to disable symbol
    search.
    
    See ‘Writing portable packages’ in the ‘Writing R Extensions’ manual.
Flavors: r-devel-linux-x86_64-fedora-clang, r-devel-linux-x86_64-fedora-gcc