CRAN Package Check Results for Package LiblineaR

Last updated on 2021-05-17 17:48:02 CEST.

Flavor Version Tinstall Tcheck Ttotal Status Flags
r-devel-linux-x86_64-debian-clang 2.10-12 6.89 40.51 47.40 OK
r-devel-linux-x86_64-debian-gcc 2.10-12 4.61 33.57 38.18 OK
r-devel-linux-x86_64-fedora-clang 2.10-12 67.34 NOTE
r-devel-linux-x86_64-fedora-gcc 2.10-12 60.01 NOTE
r-devel-windows-ix86+x86_64 2.10-12 17.00 61.00 78.00 OK
r-devel-windows-x86_64-gcc10-UCRT 2.10-12 OK
r-patched-linux-x86_64 2.10-12 5.77 42.03 47.80 OK
r-patched-solaris-x86 2.10-12 107.70 OK
r-release-linux-x86_64 2.10-12 4.89 41.89 46.78 OK
r-release-macos-x86_64 2.10-12 OK
r-release-windows-ix86+x86_64 2.10-12 14.00 62.00 76.00 OK
r-oldrel-macos-x86_64 2.10-12 OK
r-oldrel-windows-ix86+x86_64 2.10-12 12.00 82.00 94.00 OK

Check Details

Version: 2.10-12
Check: compiled code
Result: NOTE
    File ‘LiblineaR/libs/LiblineaR.so’:
     Found no calls to: ‘R_registerRoutines’, ‘R_useDynamicSymbols’
    
    It is good practice to register native routines and to disable symbol
    search.
    
    See ‘Writing portable packages’ in the ‘Writing R Extensions’ manual.
Flavors: r-devel-linux-x86_64-fedora-clang, r-devel-linux-x86_64-fedora-gcc