CRAN Package Check Results for Package LiblineaR

Last updated on 2022-10-02 05:49:07 CEST.

Flavor Version Tinstall Tcheck Ttotal Status Flags
r-devel-linux-x86_64-debian-clang 2.10-12 7.12 43.91 51.03 OK
r-devel-linux-x86_64-debian-gcc 2.10-12 5.38 35.36 40.74 OK
r-devel-linux-x86_64-fedora-clang 2.10-12 72.48 NOTE
r-devel-linux-x86_64-fedora-gcc 2.10-12 77.56 NOTE
r-devel-windows-x86_64 2.10-12 16.00 81.00 97.00 OK
r-patched-linux-x86_64 2.10-12 5.37 43.28 48.65 OK
r-release-linux-x86_64 2.10-12 5.52 43.64 49.16 OK
r-release-macos-arm64 2.10-12 30.00 OK
r-release-macos-x86_64 2.10-12 39.00 OK
r-release-windows-x86_64 2.10-12 18.00 78.00 96.00 OK
r-oldrel-macos-arm64 2.10-12 28.00 OK
r-oldrel-macos-x86_64 2.10-12 57.00 OK
r-oldrel-windows-ix86+x86_64 2.10-12 17.00 93.00 110.00 OK

Check Details

Version: 2.10-12
Check: compiled code
Result: NOTE
    File ‘LiblineaR/libs/LiblineaR.so’:
     Found no calls to: ‘R_registerRoutines’, ‘R_useDynamicSymbols’
    
    It is good practice to register native routines and to disable symbol
    search.
    
    See ‘Writing portable packages’ in the ‘Writing R Extensions’ manual.
Flavors: r-devel-linux-x86_64-fedora-clang, r-devel-linux-x86_64-fedora-gcc