CRAN Package Check Results for Package LiblineaR

Last updated on 2022-06-26 07:53:45 CEST.

Flavor Version Tinstall Tcheck Ttotal Status Flags
r-devel-linux-x86_64-debian-clang 2.10-12 6.36 42.20 48.56 OK
r-devel-linux-x86_64-debian-gcc 2.10-12 5.14 34.01 39.15 OK
r-devel-linux-x86_64-fedora-clang 2.10-12 73.38 NOTE
r-devel-linux-x86_64-fedora-gcc 2.10-12 71.40 NOTE
r-devel-windows-x86_64 2.10-12 19.00 76.00 95.00 OK
r-patched-linux-x86_64 2.10-12 5.80 43.29 49.09 OK
r-release-linux-x86_64 2.10-12 5.82 44.16 49.98 OK
r-release-macos-arm64 2.10-12 30.00 OK
r-release-macos-x86_64 2.10-12 39.00 OK
r-release-windows-x86_64 2.10-12 22.00 76.00 98.00 OK
r-oldrel-macos-arm64 2.10-12 28.00 OK
r-oldrel-macos-x86_64 2.10-12 57.00 OK
r-oldrel-windows-ix86+x86_64 2.10-12 18.00 86.00 104.00 OK

Check Details

Version: 2.10-12
Check: compiled code
Result: NOTE
    File ‘LiblineaR/libs/LiblineaR.so’:
     Found no calls to: ‘R_registerRoutines’, ‘R_useDynamicSymbols’
    
    It is good practice to register native routines and to disable symbol
    search.
    
    See ‘Writing portable packages’ in the ‘Writing R Extensions’ manual.
Flavors: r-devel-linux-x86_64-fedora-clang, r-devel-linux-x86_64-fedora-gcc