CRAN Package Check Results for Package LiblineaR

Last updated on 2022-01-28 17:49:48 CET.

Flavor Version Tinstall Tcheck Ttotal Status Flags
r-devel-linux-x86_64-debian-clang 2.10-12 5.61 49.87 55.48 OK
r-devel-linux-x86_64-debian-gcc 2.10-12 4.45 40.27 44.72 OK
r-devel-linux-x86_64-fedora-clang 2.10-12 68.51 NOTE
r-devel-linux-x86_64-fedora-gcc 2.10-12 59.72 NOTE
r-devel-windows-x86_64-new-UL 2.10-12 30.00 74.00 104.00 OK
r-devel-windows-x86_64-new-TK 2.10-12 OK
r-patched-linux-x86_64 2.10-12 5.52 50.23 55.75 OK
r-release-linux-x86_64 2.10-12 5.02 49.35 54.37 OK
r-release-macos-arm64 2.10-12 OK
r-release-macos-x86_64 2.10-12 OK
r-release-windows-ix86+x86_64 2.10-12 17.00 83.00 100.00 OK
r-oldrel-macos-x86_64 2.10-12 OK
r-oldrel-windows-ix86+x86_64 2.10-12 16.00 82.00 98.00 OK

Check Details

Version: 2.10-12
Check: compiled code
Result: NOTE
    File ‘LiblineaR/libs/LiblineaR.so’:
     Found no calls to: ‘R_registerRoutines’, ‘R_useDynamicSymbols’
    
    It is good practice to register native routines and to disable symbol
    search.
    
    See ‘Writing portable packages’ in the ‘Writing R Extensions’ manual.
Flavors: r-devel-linux-x86_64-fedora-clang, r-devel-linux-x86_64-fedora-gcc