Last updated on 2021-03-01 11:47:35 CET.
Flavor | Version | Tinstall | Tcheck | Ttotal | Status | Flags |
---|---|---|---|---|---|---|
r-devel-linux-x86_64-debian-clang | 2.10-8 | OK | ||||
r-devel-linux-x86_64-debian-gcc | 2.10-8 | 4.32 | 28.08 | 32.40 | OK | |
r-devel-linux-x86_64-fedora-clang | 2.10-8 | 64.91 | NOTE | |||
r-devel-linux-x86_64-fedora-gcc | 2.10-8 | 51.38 | NOTE | |||
r-devel-windows-ix86+x86_64 | 2.10-8 | 17.00 | 72.00 | 89.00 | OK | |
r-patched-linux-x86_64 | 2.10-8 | 5.02 | 35.14 | 40.16 | OK | |
r-patched-solaris-x86 | 2.10-8 | 93.20 | OK | |||
r-release-linux-x86_64 | 2.10-8 | 4.99 | 35.22 | 40.21 | OK | |
r-release-macos-x86_64 | 2.10-8 | OK | ||||
r-release-windows-ix86+x86_64 | 2.10-8 | 13.00 | 70.00 | 83.00 | OK | |
r-oldrel-macos-x86_64 | 2.10-8 | OK | ||||
r-oldrel-windows-ix86+x86_64 | 2.10-8 | 15.00 | 85.00 | 100.00 | OK |
Version: 2.10-8
Check: compiled code
Result: NOTE
File ‘LiblineaR/libs/LiblineaR.so’:
Found no calls to: ‘R_registerRoutines’, ‘R_useDynamicSymbols’
It is good practice to register native routines and to disable symbol
search.
See ‘Writing portable packages’ in the ‘Writing R Extensions’ manual.
Flavors: r-devel-linux-x86_64-fedora-clang, r-devel-linux-x86_64-fedora-gcc