CRAN Package Check Results for Package LifeTables

Last updated on 2021-10-17 11:49:21 CEST.

Flavor Version Tinstall Tcheck Ttotal Status Flags
r-devel-linux-x86_64-debian-clang 1.0 2.90 29.82 32.72 NOTE
r-devel-linux-x86_64-debian-gcc 1.0 2.35 22.72 25.07 NOTE
r-devel-linux-x86_64-fedora-clang 1.0 50.85 NOTE
r-devel-linux-x86_64-fedora-gcc 1.0 36.62 NOTE
r-devel-windows-x86_64 1.0 6.00 50.00 56.00 OK
r-devel-windows-x86_64-gcc10-UCRT 1.0 NOTE
r-patched-linux-x86_64 1.0 4.18 29.11 33.29 NOTE
r-patched-solaris-x86 1.0 60.30 NOTE
r-release-linux-x86_64 1.0 2.82 29.04 31.86 NOTE
r-release-macos-arm64 1.0 NOTE
r-release-macos-x86_64 1.0 NOTE
r-release-windows-ix86+x86_64 1.0 5.00 47.00 52.00 OK
r-oldrel-macos-x86_64 1.0 NOTE
r-oldrel-windows-ix86+x86_64 1.0 7.00 52.00 59.00 OK

Check Details

Version: 1.0
Check: package dependencies
Result: NOTE
    Packages suggested but not available for checking:
     'gWidgets', 'gWidgetsRGtk2'
Flavors: r-devel-linux-x86_64-debian-clang, r-devel-linux-x86_64-debian-gcc, r-devel-linux-x86_64-fedora-gcc, r-patched-linux-x86_64, r-patched-solaris-x86, r-release-linux-x86_64, r-release-macos-x86_64, r-oldrel-macos-x86_64

Version: 1.0
Check: package dependencies
Result: NOTE
    Packages suggested but not available for checking:
     'gWidgets', 'gWidgetsRGtk2'
    
    Suggests orphaned package: ‘RGtk2’
Flavor: r-devel-linux-x86_64-fedora-clang

Version: 1.0
Check: package dependencies
Result: NOTE
    Packages suggested but not available for checking:
     'gWidgets', 'gWidgetsRGtk2', 'RGtk2'
Flavors: r-devel-windows-x86_64-gcc10-UCRT, r-release-macos-arm64