CRAN Package Check Results for Package LimnoPalettes

Last updated on 2025-01-19 19:48:23 CET.

Flavor Version Tinstall Tcheck Ttotal Status Flags
r-devel-linux-x86_64-debian-clang 0.1.0 1.68 16.01 17.69 OK
r-devel-linux-x86_64-debian-gcc 0.1.0 1.37 13.22 14.59 OK
r-devel-linux-x86_64-fedora-clang 0.1.0 27.58 OK
r-devel-linux-x86_64-fedora-gcc 0.1.0 26.48 OK
r-devel-windows-x86_64 0.1.0 4.00 35.00 39.00 OK
r-patched-linux-x86_64 0.1.0 1.74 15.29 17.03 NOTE
r-release-linux-x86_64 0.1.0 1.60 15.31 16.91 NOTE
r-release-macos-arm64 0.1.0 13.00 NOTE
r-release-macos-x86_64 0.1.0 19.00 NOTE
r-release-windows-x86_64 0.1.0 4.00 33.00 37.00 NOTE
r-oldrel-macos-arm64 0.1.0 14.00 NOTE
r-oldrel-macos-x86_64 0.1.0 18.00 NOTE
r-oldrel-windows-x86_64 0.1.0 5.00 34.00 39.00 NOTE

Check Details

Version: 0.1.0
Check: LazyData
Result: NOTE 'LazyData' is specified without a 'data' directory Flavors: r-patched-linux-x86_64, r-release-linux-x86_64, r-release-macos-arm64, r-release-macos-x86_64, r-release-windows-x86_64, r-oldrel-macos-arm64, r-oldrel-macos-x86_64, r-oldrel-windows-x86_64