CRAN Package Check Results for Package LimnoPalettes

Last updated on 2022-12-06 04:02:55 CET.

Flavor Version Tinstall Tcheck Ttotal Status Flags
r-devel-linux-x86_64-debian-clang 0.1.0 1.70 20.59 22.29 NOTE
r-devel-linux-x86_64-debian-gcc 0.1.0 1.52 16.39 17.91 NOTE
r-devel-linux-x86_64-fedora-clang 0.1.0 38.64 NOTE
r-devel-linux-x86_64-fedora-gcc 0.1.0 37.84 NOTE
r-devel-windows-x86_64 0.1.0 24.00 48.00 72.00 NOTE
r-patched-linux-x86_64 0.1.0 2.09 19.94 22.03 NOTE
r-release-linux-x86_64 0.1.0 1.75 20.54 22.29 NOTE
r-release-macos-arm64 0.1.0 16.00 NOTE
r-release-macos-x86_64 0.1.0 19.00 NOTE
r-release-windows-x86_64 0.1.0 6.00 42.00 48.00 NOTE
r-oldrel-macos-arm64 0.1.0 17.00 NOTE
r-oldrel-macos-x86_64 0.1.0 24.00 NOTE
r-oldrel-windows-ix86+x86_64 0.1.0 5.00 32.00 37.00 NOTE

Check Details

Version: 0.1.0
Check: LazyData
Result: NOTE
     'LazyData' is specified without a 'data' directory
Flavors: r-devel-linux-x86_64-debian-clang, r-devel-linux-x86_64-debian-gcc, r-devel-linux-x86_64-fedora-clang, r-devel-linux-x86_64-fedora-gcc, r-devel-windows-x86_64, r-patched-linux-x86_64, r-release-linux-x86_64, r-release-macos-arm64, r-release-macos-x86_64, r-release-windows-x86_64, r-oldrel-macos-arm64, r-oldrel-macos-x86_64, r-oldrel-windows-ix86+x86_64