CRAN Package Check Results for Package LinRegInteractive

Last updated on 2019-02-24 00:52:44 CET.

Flavor Version Tinstall Tcheck Ttotal Status Flags
r-devel-linux-x86_64-debian-clang 0.3-1 3.98 39.53 43.51 NOTE
r-devel-linux-x86_64-debian-gcc 0.3-1 2.89 31.26 34.15 NOTE
r-devel-linux-x86_64-fedora-clang 0.3-1 54.91 NOTE
r-devel-linux-x86_64-fedora-gcc 0.3-1 52.80 NOTE
r-devel-windows-ix86+x86_64 0.3-1 8.00 57.00 65.00 NOTE
r-patched-linux-x86_64 0.3-1 2.96 35.32 38.28 NOTE
r-patched-solaris-x86 0.3-1 65.90 NOTE
r-release-linux-x86_64 0.3-1 2.82 35.47 38.29 NOTE
r-release-windows-ix86+x86_64 0.3-1 8.00 74.00 82.00 NOTE
r-release-osx-x86_64 0.3-1 ERROR
r-oldrel-windows-ix86+x86_64 0.3-1 4.00 58.00 62.00 NOTE
r-oldrel-osx-x86_64 0.3-1 NOTE

Check Details

Version: 0.3-1
Check: R code for possible problems
Result: NOTE
    factorCombinations: no visible global function definition for ‘tail’
    factorCombinations: no visible global function definition for
     ‘complete.cases’
    fxInteractive.glm: no visible global function definition for
     ‘get_all_vars’
    fxInteractive.glm: no visible global function definition for
     ‘select.list’
    fxInteractive.glm: no visible global function definition for ‘dev.new’
    fxInteractive.glm: no visible global function definition for ‘par’
    fxInteractive.glm: no visible global function definition for ‘layout’
    fxInteractive.glm : func.panel.action: no visible global function
     definition for ‘predict’
    fxInteractive.glm : func.panel.action: no visible global function
     definition for ‘splinefun’
    fxInteractive.glm : func.panel.action : func.ploteffects: no visible
     global function definition for ‘par’
    fxInteractive.glm : func.panel.action : func.ploteffects: no visible
     global function definition for ‘plot’
    fxInteractive.glm : func.panel.action : func.ploteffects: no visible
     global function definition for ‘legend’
    fxInteractive.glm : func.panel.action : func.ploteffects: no visible
     global function definition for ‘strwidth’
    fxInteractive.glm : func.panel.action : func.ploteffects: no visible
     global function definition for ‘title’
    fxInteractive.glm : func.panel.action : func.ploteffects: no visible
     global function definition for ‘rug’
    fxInteractive.glm : func.panel.action : func.ploteffects: no visible
     global function definition for ‘sd’
    fxInteractive.glm : func.panel.action : func.ploteffects: no visible
     global function definition for ‘abline’
    fxInteractive.glm : func.panel.action : func.ploteffects: no visible
     global function definition for ‘lines’
    fxInteractive.glm : func.panel.action: no visible global function
     definition for ‘dev.hold’
    fxInteractive.glm : func.panel.action: no visible global function
     definition for ‘dev.flush’
    fxInteractive.glm : func.panel.action: no visible global function
     definition for ‘savePlot’
    fxInteractive.glm : func.panel.action: no visible global function
     definition for ‘dev.copy2pdf’
    fxInteractive.glm : func.panel.action: no visible global function
     definition for ‘dev.copy2eps’
    fxInteractive.glm : internal.snapshot: no visible global function
     definition for ‘savePlot’
    fxInteractive.glm : internal.snapshot: no visible global function
     definition for ‘dev.copy2pdf’
    fxInteractive.glm : internal.snapshot: no visible global function
     definition for ‘dev.copy2eps’
    fxInteractive.glm : internal.snapshot: no visible global function
     definition for ‘predict’
    fxInteractive.glm : internal.snapshot: no visible global function
     definition for ‘splinefun’
    fxInteractive.lm: no visible global function definition for
     ‘get_all_vars’
    fxInteractive.lm: no visible global function definition for
     ‘select.list’
    fxInteractive.lm: no visible global function definition for ‘dev.new’
    fxInteractive.lm: no visible global function definition for ‘par’
    fxInteractive.lm: no visible global function definition for ‘layout’
    fxInteractive.lm : func.panel.action: no visible global function
     definition for ‘predict’
    fxInteractive.lm : func.panel.action: no visible global function
     definition for ‘splinefun’
    fxInteractive.lm : func.panel.action : func.ploteffects: no visible
     global function definition for ‘par’
    fxInteractive.lm : func.panel.action : func.ploteffects: no visible
     global function definition for ‘plot’
    fxInteractive.lm : func.panel.action : func.ploteffects: no visible
     global function definition for ‘legend’
    fxInteractive.lm : func.panel.action : func.ploteffects: no visible
     global function definition for ‘strwidth’
    fxInteractive.lm : func.panel.action : func.ploteffects: no visible
     global function definition for ‘title’
    fxInteractive.lm : func.panel.action : func.ploteffects: no visible
     global function definition for ‘rug’
    fxInteractive.lm : func.panel.action : func.ploteffects: no visible
     global function definition for ‘sd’
    fxInteractive.lm : func.panel.action : func.ploteffects: no visible
     global function definition for ‘abline’
    fxInteractive.lm : func.panel.action : func.ploteffects: no visible
     global function definition for ‘lines’
    fxInteractive.lm : func.panel.action: no visible global function
     definition for ‘dev.hold’
    fxInteractive.lm : func.panel.action: no visible global function
     definition for ‘dev.flush’
    fxInteractive.lm : func.panel.action: no visible global function
     definition for ‘savePlot’
    fxInteractive.lm : func.panel.action: no visible global function
     definition for ‘dev.copy2pdf’
    fxInteractive.lm : func.panel.action: no visible global function
     definition for ‘dev.copy2eps’
    fxInteractive.lm : internal.snapshot: no visible global function
     definition for ‘savePlot’
    fxInteractive.lm : internal.snapshot: no visible global function
     definition for ‘dev.copy2pdf’
    fxInteractive.lm : internal.snapshot: no visible global function
     definition for ‘dev.copy2eps’
    fxInteractive.lm : internal.snapshot: no visible global function
     definition for ‘predict’
    fxInteractive.lm : internal.snapshot: no visible global function
     definition for ‘splinefun’
    fxInteractive.lme: no visible global function definition for
     ‘get_all_vars’
    fxInteractive.lme: no visible global function definition for
     ‘select.list’
    fxInteractive.lme: no visible global function definition for ‘dev.new’
    fxInteractive.lme: no visible global function definition for ‘par’
    fxInteractive.lme: no visible global function definition for ‘layout’
    fxInteractive.lme : func.panel.action: no visible global function
     definition for ‘predict’
    fxInteractive.lme : func.panel.action: no visible global function
     definition for ‘splinefun’
    fxInteractive.lme : func.panel.action : func.ploteffects: no visible
     global function definition for ‘par’
    fxInteractive.lme : func.panel.action : func.ploteffects: no visible
     global function definition for ‘plot’
    fxInteractive.lme : func.panel.action : func.ploteffects: no visible
     global function definition for ‘legend’
    fxInteractive.lme : func.panel.action : func.ploteffects: no visible
     global function definition for ‘strwidth’
    fxInteractive.lme : func.panel.action : func.ploteffects: no visible
     global function definition for ‘title’
    fxInteractive.lme : func.panel.action : func.ploteffects: no visible
     global function definition for ‘rug’
    fxInteractive.lme : func.panel.action : func.ploteffects: no visible
     global function definition for ‘sd’
    fxInteractive.lme : func.panel.action : func.ploteffects: no visible
     global function definition for ‘abline’
    fxInteractive.lme : func.panel.action : func.ploteffects: no visible
     global function definition for ‘lines’
    fxInteractive.lme : func.panel.action: no visible global function
     definition for ‘dev.hold’
    fxInteractive.lme : func.panel.action: no visible global function
     definition for ‘dev.flush’
    fxInteractive.lme : func.panel.action: no visible global function
     definition for ‘savePlot’
    fxInteractive.lme : func.panel.action: no visible global function
     definition for ‘dev.copy2pdf’
    fxInteractive.lme : func.panel.action: no visible global function
     definition for ‘dev.copy2eps’
    fxInteractive.lme : internal.snapshot: no visible global function
     definition for ‘savePlot’
    fxInteractive.lme : internal.snapshot: no visible global function
     definition for ‘dev.copy2pdf’
    fxInteractive.lme : internal.snapshot: no visible global function
     definition for ‘dev.copy2eps’
    fxInteractive.lme : internal.snapshot: no visible global function
     definition for ‘predict’
    fxInteractive.lme : internal.snapshot: no visible global function
     definition for ‘splinefun’
    Undefined global functions or variables:
     abline complete.cases dev.copy2eps dev.copy2pdf dev.flush dev.hold
     dev.new get_all_vars layout legend lines par plot predict rug
     savePlot sd select.list splinefun strwidth tail title
    Consider adding
     importFrom("grDevices", "dev.copy2eps", "dev.copy2pdf", "dev.flush",
     "dev.hold", "dev.new", "savePlot")
     importFrom("graphics", "abline", "layout", "legend", "lines", "par",
     "plot", "rug", "strwidth", "title")
     importFrom("stats", "complete.cases", "get_all_vars", "predict", "sd",
     "splinefun")
     importFrom("utils", "select.list", "tail")
    to your NAMESPACE file.
Flavors: r-devel-linux-x86_64-debian-clang, r-devel-linux-x86_64-debian-gcc, r-devel-linux-x86_64-fedora-clang, r-devel-linux-x86_64-fedora-gcc, r-devel-windows-ix86+x86_64, r-release-windows-ix86+x86_64, r-oldrel-windows-ix86+x86_64

Version: 0.3-1
Check: R code for possible problems
Result: NOTE
    factorCombinations: no visible global function definition for ‘tail’
    factorCombinations: no visible global function definition for
     ‘complete.cases’
    fxInteractive.glm: no visible global function definition for
     ‘get_all_vars’
    fxInteractive.glm: no visible global function definition for
     ‘select.list’
    fxInteractive.glm: no visible global function definition for ‘dev.new’
    fxInteractive.glm: no visible global function definition for ‘par’
    fxInteractive.glm: no visible global function definition for ‘layout’
    fxInteractive.glm : func.panel.action: no visible global function
     definition for ‘predict’
    fxInteractive.glm : func.panel.action: no visible global function
     definition for ‘splinefun’
    fxInteractive.glm : func.panel.action : func.ploteffects: no visible
     global function definition for ‘par’
    fxInteractive.glm : func.panel.action : func.ploteffects: no visible
     global function definition for ‘plot’
    fxInteractive.glm : func.panel.action : func.ploteffects: no visible
     global function definition for ‘legend’
    fxInteractive.glm : func.panel.action : func.ploteffects: no visible
     global function definition for ‘strwidth’
    fxInteractive.glm : func.panel.action : func.ploteffects: no visible
     global function definition for ‘title’
    fxInteractive.glm : func.panel.action : func.ploteffects: no visible
     global function definition for ‘rug’
    fxInteractive.glm : func.panel.action : func.ploteffects: no visible
     global function definition for ‘sd’
    fxInteractive.glm : func.panel.action : func.ploteffects: no visible
     global function definition for ‘abline’
    fxInteractive.glm : func.panel.action : func.ploteffects: no visible
     global function definition for ‘lines’
    fxInteractive.glm : func.panel.action: no visible global function
     definition for ‘dev.hold’
    fxInteractive.glm : func.panel.action: no visible global function
     definition for ‘dev.flush’
    fxInteractive.glm : func.panel.action: no visible global function
     definition for ‘dev.copy2pdf’
    fxInteractive.glm : func.panel.action: no visible global function
     definition for ‘dev.copy2eps’
    fxInteractive.glm : internal.snapshot: no visible global function
     definition for ‘dev.copy2pdf’
    fxInteractive.glm : internal.snapshot: no visible global function
     definition for ‘dev.copy2eps’
    fxInteractive.glm : internal.snapshot: no visible global function
     definition for ‘predict’
    fxInteractive.glm : internal.snapshot: no visible global function
     definition for ‘splinefun’
    fxInteractive.lm: no visible global function definition for
     ‘get_all_vars’
    fxInteractive.lm: no visible global function definition for
     ‘select.list’
    fxInteractive.lm: no visible global function definition for ‘dev.new’
    fxInteractive.lm: no visible global function definition for ‘par’
    fxInteractive.lm: no visible global function definition for ‘layout’
    fxInteractive.lm : func.panel.action: no visible global function
     definition for ‘predict’
    fxInteractive.lm : func.panel.action: no visible global function
     definition for ‘splinefun’
    fxInteractive.lm : func.panel.action : func.ploteffects: no visible
     global function definition for ‘par’
    fxInteractive.lm : func.panel.action : func.ploteffects: no visible
     global function definition for ‘plot’
    fxInteractive.lm : func.panel.action : func.ploteffects: no visible
     global function definition for ‘legend’
    fxInteractive.lm : func.panel.action : func.ploteffects: no visible
     global function definition for ‘strwidth’
    fxInteractive.lm : func.panel.action : func.ploteffects: no visible
     global function definition for ‘title’
    fxInteractive.lm : func.panel.action : func.ploteffects: no visible
     global function definition for ‘rug’
    fxInteractive.lm : func.panel.action : func.ploteffects: no visible
     global function definition for ‘sd’
    fxInteractive.lm : func.panel.action : func.ploteffects: no visible
     global function definition for ‘abline’
    fxInteractive.lm : func.panel.action : func.ploteffects: no visible
     global function definition for ‘lines’
    fxInteractive.lm : func.panel.action: no visible global function
     definition for ‘dev.hold’
    fxInteractive.lm : func.panel.action: no visible global function
     definition for ‘dev.flush’
    fxInteractive.lm : func.panel.action: no visible global function
     definition for ‘dev.copy2pdf’
    fxInteractive.lm : func.panel.action: no visible global function
     definition for ‘dev.copy2eps’
    fxInteractive.lm : internal.snapshot: no visible global function
     definition for ‘dev.copy2pdf’
    fxInteractive.lm : internal.snapshot: no visible global function
     definition for ‘dev.copy2eps’
    fxInteractive.lm : internal.snapshot: no visible global function
     definition for ‘predict’
    fxInteractive.lm : internal.snapshot: no visible global function
     definition for ‘splinefun’
    fxInteractive.lme: no visible global function definition for
     ‘get_all_vars’
    fxInteractive.lme: no visible global function definition for
     ‘select.list’
    fxInteractive.lme: no visible global function definition for ‘dev.new’
    fxInteractive.lme: no visible global function definition for ‘par’
    fxInteractive.lme: no visible global function definition for ‘layout’
    fxInteractive.lme : func.panel.action: no visible global function
     definition for ‘predict’
    fxInteractive.lme : func.panel.action: no visible global function
     definition for ‘splinefun’
    fxInteractive.lme : func.panel.action : func.ploteffects: no visible
     global function definition for ‘par’
    fxInteractive.lme : func.panel.action : func.ploteffects: no visible
     global function definition for ‘plot’
    fxInteractive.lme : func.panel.action : func.ploteffects: no visible
     global function definition for ‘legend’
    fxInteractive.lme : func.panel.action : func.ploteffects: no visible
     global function definition for ‘strwidth’
    fxInteractive.lme : func.panel.action : func.ploteffects: no visible
     global function definition for ‘title’
    fxInteractive.lme : func.panel.action : func.ploteffects: no visible
     global function definition for ‘rug’
    fxInteractive.lme : func.panel.action : func.ploteffects: no visible
     global function definition for ‘sd’
    fxInteractive.lme : func.panel.action : func.ploteffects: no visible
     global function definition for ‘abline’
    fxInteractive.lme : func.panel.action : func.ploteffects: no visible
     global function definition for ‘lines’
    fxInteractive.lme : func.panel.action: no visible global function
     definition for ‘dev.hold’
    fxInteractive.lme : func.panel.action: no visible global function
     definition for ‘dev.flush’
    fxInteractive.lme : func.panel.action: no visible global function
     definition for ‘dev.copy2pdf’
    fxInteractive.lme : func.panel.action: no visible global function
     definition for ‘dev.copy2eps’
    fxInteractive.lme : internal.snapshot: no visible global function
     definition for ‘dev.copy2pdf’
    fxInteractive.lme : internal.snapshot: no visible global function
     definition for ‘dev.copy2eps’
    fxInteractive.lme : internal.snapshot: no visible global function
     definition for ‘predict’
    fxInteractive.lme : internal.snapshot: no visible global function
     definition for ‘splinefun’
    Undefined global functions or variables:
     abline complete.cases dev.copy2eps dev.copy2pdf dev.flush dev.hold
     dev.new get_all_vars layout legend lines par plot predict rug sd
     select.list splinefun strwidth tail title
    Consider adding
     importFrom("grDevices", "dev.copy2eps", "dev.copy2pdf", "dev.flush",
     "dev.hold", "dev.new")
     importFrom("graphics", "abline", "layout", "legend", "lines", "par",
     "plot", "rug", "strwidth", "title")
     importFrom("stats", "complete.cases", "get_all_vars", "predict", "sd",
     "splinefun")
     importFrom("utils", "select.list", "tail")
    to your NAMESPACE file.
Flavors: r-patched-linux-x86_64, r-patched-solaris-x86, r-release-linux-x86_64, r-oldrel-osx-x86_64

Version: 0.3-1
Check: package dependencies
Result: ERROR
    Package required but not available: ‘rpanel’
    
    See section ‘The DESCRIPTION file’ in the ‘Writing R Extensions’
    manual.
Flavor: r-release-osx-x86_64

Version: 0.3-1
Check: re-building of vignette outputs
Result: NOTE
    Error in re-building vignettes:
     ...
    Error in texi2dvi(file = file, pdf = TRUE, clean = clean, quiet = quiet, :
     Running 'texi2dvi' on 'LinRegInteractive.tex' failed.
    LaTeX errors:
    ! LaTeX Error: File `enumitem.sty' not found.
    
    Type X to quit or <RETURN> to proceed,
    or enter new name. (Default extension: sty)
    
    ! Emergency stop.
    <read *>
    
    l.12 \usepackage
     {booktabs}^^M
    ! ==> Fatal error occurred, no output PDF file produced!
    Calls: buildVignettes -> texi2pdf -> texi2dvi
    Execution halted
Flavor: r-oldrel-osx-x86_64