CRAN Package Check Results for Package LinearDetect

Last updated on 2022-08-08 03:55:46 CEST.

Flavor Version Tinstall Tcheck Ttotal Status Flags
r-devel-linux-x86_64-debian-clang 0.1.5 60.66 134.03 194.69 NOTE
r-devel-linux-x86_64-debian-gcc 0.1.5 49.82 98.03 147.85 NOTE
r-devel-linux-x86_64-fedora-clang 0.1.5 260.98 NOTE
r-devel-linux-x86_64-fedora-gcc 0.1.5 244.44 NOTE
r-devel-windows-x86_64 0.1.5 53.00 166.00 219.00 NOTE
r-patched-linux-x86_64 0.1.5 40.08 124.25 164.33 NOTE
r-release-linux-x86_64 0.1.5 NOTE
r-release-macos-arm64 0.1.5 59.00 NOTE
r-release-macos-x86_64 0.1.5 103.00 NOTE
r-release-windows-x86_64 0.1.5 52.00 165.00 217.00 NOTE
r-oldrel-macos-arm64 0.1.5 68.00 NOTE
r-oldrel-macos-x86_64 0.1.5 102.00 NOTE
r-oldrel-windows-ix86+x86_64 0.1.5 130.00 198.00 328.00 NOTE

Check Details

Version: 0.1.5
Check: LazyData
Result: NOTE
     'LazyData' is specified without a 'data' directory
Flavors: r-devel-linux-x86_64-debian-clang, r-devel-linux-x86_64-debian-gcc, r-devel-linux-x86_64-fedora-clang, r-devel-linux-x86_64-fedora-gcc, r-devel-windows-x86_64, r-patched-linux-x86_64, r-release-linux-x86_64, r-release-macos-arm64, r-release-macos-x86_64, r-release-windows-x86_64, r-oldrel-macos-arm64, r-oldrel-macos-x86_64, r-oldrel-windows-ix86+x86_64