CRAN Package Check Results for Package LinkageMapView

Last updated on 2021-07-25 11:50:32 CEST.

Flavor Version Tinstall Tcheck Ttotal Status Flags
r-devel-linux-x86_64-debian-clang 2.1.2 4.50 76.01 80.51 OK
r-devel-linux-x86_64-debian-gcc 2.1.2 3.86 54.28 58.14 OK
r-devel-linux-x86_64-fedora-clang 2.1.2 107.44 NOTE
r-devel-linux-x86_64-fedora-gcc 2.1.2 102.59 NOTE
r-devel-windows-x86_64 2.1.2 7.00 76.00 83.00 OK
r-devel-windows-x86_64-gcc10-UCRT 2.1.2 NOTE
r-patched-linux-x86_64 2.1.2 4.30 73.35 77.65 OK
r-patched-solaris-x86 2.1.2 163.70 NOTE
r-release-linux-x86_64 2.1.2 4.19 74.47 78.66 OK
r-release-macos-arm64 2.1.2 NOTE
r-release-macos-x86_64 2.1.2 NOTE
r-release-windows-ix86+x86_64 2.1.2 8.00 82.00 90.00 OK
r-oldrel-macos-x86_64 2.1.2 NOTE
r-oldrel-windows-ix86+x86_64 2.1.2 25.00 91.00 116.00 OK

Check Details

Version: 2.1.2
Check: dependencies in R code
Result: NOTE
    Namespace in Imports field not imported from: ‘RColorBrewer’
     All declared Imports should be used.
Flavors: r-devel-linux-x86_64-fedora-clang, r-devel-linux-x86_64-fedora-gcc, r-devel-windows-x86_64-gcc10-UCRT, r-patched-solaris-x86, r-release-macos-arm64, r-release-macos-x86_64, r-oldrel-macos-x86_64