CRAN Package Check Results for Package LipidMSdata

Last updated on 2020-11-30 18:51:20 CET.

Flavor Version Tinstall Tcheck Ttotal Status Flags
r-devel-linux-x86_64-debian-clang 1.0.0 5.63 16.34 21.97 OK
r-devel-linux-x86_64-debian-gcc 1.0.0 4.39 13.12 17.51 OK
r-devel-linux-x86_64-fedora-clang 1.0.0 33.69 NOTE
r-devel-linux-x86_64-fedora-gcc 1.0.0 24.26 OK
r-devel-windows-ix86+x86_64 1.0.0 8.00 29.00 37.00 NOTE
r-patched-linux-x86_64 1.0.0 5.77 15.45 21.22 OK
r-patched-solaris-x86 1.0.0 36.10 NOTE
r-release-linux-x86_64 1.0.0 5.40 16.87 22.27 OK
r-release-macos-x86_64 1.0.0 NOTE
r-release-windows-ix86+x86_64 1.0.0 8.00 25.00 33.00 NOTE
r-oldrel-macos-x86_64 1.0.0 NOTE
r-oldrel-windows-ix86+x86_64 1.0.0 7.00 30.00 37.00 NOTE

Check Details

Version: 1.0.0
Check: installed package size
Result: NOTE
     installed size is 5.1Mb
     sub-directories of 1Mb or more:
     data 5.0Mb
Flavors: r-devel-linux-x86_64-fedora-clang, r-devel-windows-ix86+x86_64, r-patched-solaris-x86, r-release-macos-x86_64, r-release-windows-ix86+x86_64, r-oldrel-macos-x86_64, r-oldrel-windows-ix86+x86_64