CRAN Package Check Results for Package LipinskiFilters

Last updated on 2024-06-13 18:49:55 CEST.

Flavor Version Tinstall Tcheck Ttotal Status Flags
r-devel-linux-x86_64-debian-clang 1.0.1 11.71 113.49 125.20 OK
r-devel-linux-x86_64-debian-gcc 1.0.1 0.54 1.79 2.33 ERROR
r-devel-linux-x86_64-fedora-clang 1.0.1 158.94 NOTE
r-devel-linux-x86_64-fedora-gcc 1.0.1 163.18 NOTE
r-devel-windows-x86_64 1.0.1 9.00 98.00 107.00 OK
r-patched-linux-x86_64 1.0.1 10.18 112.98 123.16 OK
r-release-linux-x86_64 1.0.1 6.66 110.11 116.77 OK
r-release-macos-arm64 1.0.1 50.00 OK
r-release-macos-x86_64 1.0.1 105.00 OK
r-release-windows-x86_64 1.0.1 10.00 94.00 104.00 OK
r-oldrel-macos-arm64 1.0.1 48.00 OK
r-oldrel-macos-x86_64 1.0.1 100.00 OK
r-oldrel-windows-x86_64 1.0.1 12.00 106.00 118.00 OK

Check Details

Version: 1.0.1
Check: package dependencies
Result: ERROR Packages required but not available: 'cowplot', 'ggplot2' See section ‘The DESCRIPTION file’ in the ‘Writing R Extensions’ manual. Flavor: r-devel-linux-x86_64-debian-gcc

Version: 1.0.1
Check: dependencies in R code
Result: NOTE Namespaces in Imports field not imported from: ‘itertools’ ‘knitr’ ‘utils’ All declared Imports should be used. Flavors: r-devel-linux-x86_64-fedora-clang, r-devel-linux-x86_64-fedora-gcc