CRAN Package Check Results for Package LncPath

Last updated on 2019-08-21 09:50:24 CEST.

Flavor Version Tinstall Tcheck Ttotal Status Flags
r-devel-linux-x86_64-debian-clang 1.1 5.23 39.80 45.03 NOTE
r-devel-linux-x86_64-debian-gcc 1.1 3.98 31.82 35.80 NOTE
r-devel-linux-x86_64-fedora-clang 1.1 56.34 NOTE
r-devel-linux-x86_64-fedora-gcc 1.1 54.31 NOTE
r-devel-windows-ix86+x86_64 1.1 12.00 75.00 87.00 OK
r-patched-linux-x86_64 1.1 4.90 39.05 43.95 OK
r-patched-solaris-x86 1.1 89.30 OK
r-release-linux-x86_64 1.1 4.33 38.58 42.91 OK
r-release-windows-ix86+x86_64 1.1 7.00 60.00 67.00 OK
r-release-osx-x86_64 1.1 NOTE
r-oldrel-windows-ix86+x86_64 1.1 8.00 71.00 79.00 OK
r-oldrel-osx-x86_64 1.1 OK

Check Details

Version: 1.1
Check: for non-standard things in the check directory
Result: NOTE
    Found the following files/directories:
     'tTestTable.rda'
Flavors: r-devel-linux-x86_64-debian-clang, r-devel-linux-x86_64-debian-gcc, r-devel-linux-x86_64-fedora-clang, r-devel-linux-x86_64-fedora-gcc

Version: 1.1
Check: package dependencies
Result: NOTE
    Package suggested but not available for checking: ‘graph’
Flavor: r-release-osx-x86_64