CRAN Package Check Results for Package LncPath

Last updated on 2019-12-15 18:50:11 CET.

Flavor Version Tinstall Tcheck Ttotal Status Flags
r-devel-linux-x86_64-debian-clang 1.1 5.33 41.48 46.81 NOTE
r-devel-linux-x86_64-debian-gcc 1.1 4.41 32.95 37.36 NOTE
r-devel-linux-x86_64-fedora-clang 1.1 58.28 NOTE
r-devel-linux-x86_64-fedora-gcc 1.1 56.68 NOTE
r-devel-windows-ix86+x86_64 1.1 7.00 59.00 66.00 OK
r-devel-windows-ix86+x86_64-gcc8 1.1 8.00 80.00 88.00 OK
r-patched-linux-x86_64 1.1 4.91 39.11 44.02 OK
r-patched-solaris-x86 1.1 80.50 OK
r-release-linux-x86_64 1.1 4.68 38.67 43.35 OK
r-release-windows-ix86+x86_64 1.1 8.00 60.00 68.00 OK
r-release-osx-x86_64 1.1 NOTE
r-oldrel-windows-ix86+x86_64 1.1 6.00 59.00 65.00 OK
r-oldrel-osx-x86_64 1.1 OK

Check Details

Version: 1.1
Check: for non-standard things in the check directory
Result: NOTE
    Found the following files/directories:
     'tTestTable.rda'
Flavors: r-devel-linux-x86_64-debian-clang, r-devel-linux-x86_64-debian-gcc, r-devel-linux-x86_64-fedora-clang, r-devel-linux-x86_64-fedora-gcc

Version: 1.1
Check: package dependencies
Result: NOTE
    Package suggested but not available for checking: ‘graph’
Flavor: r-release-osx-x86_64