CRAN Package Check Results for Package LoBrA

Last updated on 2022-11-27 07:56:06 CET.

Flavor Version Tinstall Tcheck Ttotal Status Flags
r-devel-linux-x86_64-debian-clang 1.0 2.41 75.52 77.93 OK
r-devel-linux-x86_64-debian-gcc 1.0 2.75 55.48 58.23 OK
r-devel-linux-x86_64-fedora-clang 1.0 104.50 NOTE
r-devel-linux-x86_64-fedora-gcc 1.0 109.36 NOTE
r-devel-windows-x86_64 1.0 29.00 110.00 139.00 OK
r-patched-linux-x86_64 1.0 4.02 70.46 74.48 OK
r-release-linux-x86_64 1.0 2.24 70.25 72.49 OK
r-release-macos-arm64 1.0 33.00 NOTE
r-release-macos-x86_64 1.0 43.00 NOTE
r-release-windows-x86_64 1.0 25.00 109.00 134.00 OK
r-oldrel-macos-arm64 1.0 29.00 NOTE
r-oldrel-macos-x86_64 1.0 40.00 NOTE
r-oldrel-windows-ix86+x86_64 1.0 8.00 98.00 106.00 OK

Check Details

Version: 1.0
Check: dependencies in R code
Result: NOTE
    Namespaces in Imports field not imported from:
     ‘RColorBrewer’ ‘base’ ‘qpdf’
     All declared Imports should be used.
Flavors: r-devel-linux-x86_64-fedora-clang, r-devel-linux-x86_64-fedora-gcc, r-release-macos-arm64, r-release-macos-x86_64, r-oldrel-macos-arm64, r-oldrel-macos-x86_64