CRAN Package Check Results for Package LogrankA

Last updated on 2020-01-29 02:48:36 CET.

Flavor Version Tinstall Tcheck Ttotal Status Flags
r-devel-linux-x86_64-debian-clang 1.0 1.94 19.48 21.42 NOTE
r-devel-linux-x86_64-debian-gcc 1.0 1.53 15.54 17.07 NOTE
r-devel-linux-x86_64-fedora-clang 1.0 26.75 NOTE
r-devel-linux-x86_64-fedora-gcc 1.0 25.79 NOTE
r-devel-windows-ix86+x86_64 1.0 5.00 36.00 41.00 NOTE
r-devel-windows-ix86+x86_64-gcc8 1.0 8.00 43.00 51.00 NOTE
r-patched-linux-x86_64 1.0 NOTE
r-patched-solaris-x86 1.0 37.90 NOTE
r-release-linux-x86_64 1.0 1.38 17.76 19.14 NOTE
r-release-windows-ix86+x86_64 1.0 4.00 31.00 35.00 NOTE
r-release-osx-x86_64 1.0 NOTE
r-oldrel-windows-ix86+x86_64 1.0 3.00 28.00 31.00 NOTE
r-oldrel-osx-x86_64 1.0 NOTE

Check Details

Version: 1.0
Check: R code for possible problems
Result: NOTE
    LogrankA: no visible global function definition for 'is.Surv'
    LogrankA: no visible global function definition for 'na.omit'
    LogrankA: no visible global function definition for 'pchisq'
    Undefined global functions or variables:
     is.Surv na.omit pchisq
    Consider adding
     importFrom("stats", "na.omit", "pchisq")
    to your NAMESPACE file.
Flavors: r-devel-linux-x86_64-debian-clang, r-devel-linux-x86_64-debian-gcc, r-devel-linux-x86_64-fedora-clang, r-devel-linux-x86_64-fedora-gcc, r-devel-windows-ix86+x86_64, r-devel-windows-ix86+x86_64-gcc8, r-patched-linux-x86_64, r-patched-solaris-x86, r-release-linux-x86_64, r-release-windows-ix86+x86_64, r-release-osx-x86_64, r-oldrel-windows-ix86+x86_64, r-oldrel-osx-x86_64