CRAN Package Check Results for Package LongCART

Last updated on 2022-01-27 23:01:07 CET.

Flavor Version Tinstall Tcheck Ttotal Status Flags
r-devel-linux-x86_64-debian-clang 3.1 14.79 142.95 157.74 OK
r-devel-linux-x86_64-debian-gcc 3.1 12.69 105.54 118.23 OK
r-devel-linux-x86_64-fedora-clang 3.1 186.12 OK
r-devel-linux-x86_64-fedora-gcc 3.1 175.14 OK
r-devel-windows-x86_64-new-UL 3.1 28.00 160.00 188.00 OK
r-devel-windows-x86_64-new-TK 3.1 ERROR
r-patched-linux-x86_64 3.1 11.39 127.25 138.64 OK
r-release-linux-x86_64 3.1 12.70 127.16 139.86 OK
r-release-macos-arm64 3.1 OK
r-release-macos-x86_64 3.1 OK
r-release-windows-ix86+x86_64 3.1 30.00 151.00 181.00 OK
r-oldrel-macos-x86_64 3.1 OK
r-oldrel-windows-ix86+x86_64 3.1 33.00 153.00 186.00 OK

Check Details

Version: 3.1
Check: package dependencies
Result: ERROR
    Package required but not available: 'survminer'
    
    See section 'The DESCRIPTION file' in the 'Writing R Extensions'
    manual.
Flavor: r-devel-windows-x86_64-new-TK