CRAN Package Check Results for Package LoopAnalyst

Last updated on 2019-06-25 19:49:46 CEST.

Flavor Version Tinstall Tcheck Ttotal Status Flags
r-devel-linux-x86_64-debian-clang 1.2-6 4.68 34.29 38.97 NOTE
r-devel-linux-x86_64-debian-gcc 1.2-6 4.38 27.61 31.99 NOTE
r-devel-linux-x86_64-fedora-clang 1.2-6 47.66 NOTE
r-devel-linux-x86_64-fedora-gcc 1.2-6 45.03 NOTE
r-devel-windows-ix86+x86_64 1.2-6 12.00 66.00 78.00 OK
r-patched-linux-x86_64 1.2-6 4.93 34.86 39.79 OK
r-patched-solaris-x86 1.2-6 69.10 OK
r-release-linux-x86_64 1.2-6 5.15 35.20 40.35 OK
r-release-windows-ix86+x86_64 1.2-6 8.00 70.00 78.00 OK
r-release-osx-x86_64 1.2-6 OK
r-oldrel-windows-ix86+x86_64 1.2-6 5.00 45.00 50.00 OK
r-oldrel-osx-x86_64 1.2-6 OK

Check Details

Version: 1.2-6
Check: for non-standard things in the check directory
Result: NOTE
    Found the following files/directories:
     'Model_1.cm' 'dambacher.dot' 'levins.dot'
Flavors: r-devel-linux-x86_64-debian-clang, r-devel-linux-x86_64-debian-gcc, r-devel-linux-x86_64-fedora-clang, r-devel-linux-x86_64-fedora-gcc