CRAN Package Check Results for Package LoopAnalyst

Last updated on 2019-03-23 15:48:01 CET.

Flavor Version Tinstall Tcheck Ttotal Status Flags
r-devel-linux-x86_64-debian-clang 1.2-6 4.74 34.83 39.57 OK
r-devel-linux-x86_64-debian-gcc 1.2-6 4.57 27.57 32.14 OK
r-devel-linux-x86_64-fedora-clang 1.2-6 48.30 OK
r-devel-linux-x86_64-fedora-gcc 1.2-6 46.85 OK
r-devel-windows-ix86+x86_64 1.2-6 12.00 48.00 60.00 OK
r-patched-linux-x86_64 1.2-6 3.38 31.26 34.64 OK
r-patched-solaris-x86 1.2-6 58.90 OK
r-release-linux-x86_64 1.2-6 0.33 2.16 2.49 ERROR
r-release-windows-ix86+x86_64 1.2-6 7.00 43.00 50.00 OK
r-release-osx-x86_64 1.2-6 OK
r-oldrel-windows-ix86+x86_64 1.2-6 7.00 59.00 66.00 OK
r-oldrel-osx-x86_64 1.2-6 OK

Check Details

Version: 1.2-6
Check: whether package can be installed
Result: ERROR
    Installation failed.
Flavor: r-release-linux-x86_64