CRAN Package Check Results for Package LoopDetectR

Last updated on 2021-05-11 09:50:42 CEST.

Flavor Version Tinstall Tcheck Ttotal Status Flags
r-devel-linux-x86_64-debian-clang 0.1.2 2.53 29.91 32.44 OK
r-devel-linux-x86_64-debian-gcc 0.1.2 1.80 24.01 25.81 OK
r-devel-linux-x86_64-fedora-clang 0.1.2 50.00 OK
r-devel-linux-x86_64-fedora-gcc 0.1.2 39.49 OK
r-devel-windows-ix86+x86_64 0.1.2 5.00 47.00 52.00 OK
r-devel-windows-x86_64-gcc10-UCRT 0.1.2 OK
r-patched-linux-x86_64 0.1.2 2.52 29.86 32.38 OK
r-patched-solaris-x86 0.1.2 61.30 OK
r-release-linux-x86_64 0.1.2 2.56 30.02 32.58 OK
r-release-macos-x86_64 0.1.2 OK
r-release-windows-ix86+x86_64 0.1.2 5.00 40.00 45.00 OK
r-oldrel-macos-x86_64 0.1.2 ERROR

Check Details

Version: 0.1.2
Check: whether package can be installed
Result: ERROR
    Installation failed.
Flavor: r-oldrel-macos-x86_64