CRAN Package Check Results for Package LoopRig

Last updated on 2020-04-10 06:48:03 CEST.

Flavor Version Tinstall Tcheck Ttotal Status Flags
r-devel-linux-x86_64-debian-clang 0.1.1 12.67 166.04 178.71 OK
r-devel-linux-x86_64-debian-gcc 0.1.1 11.04 127.28 138.32 OK
r-devel-linux-x86_64-fedora-clang 0.1.1 245.44 OK
r-devel-linux-x86_64-fedora-gcc 0.1.1 210.42 OK
r-devel-windows-ix86+x86_64 0.1.1 2.00 9.00 11.00 ERROR
r-devel-windows-ix86+x86_64-gcc8 0.1.1 3.00 6.00 9.00 ERROR
r-patched-linux-x86_64 0.1.1 12.00 159.40 171.40 OK
r-patched-osx-x86_64 0.1.1 OK
r-patched-solaris-x86 0.1.1 305.30 OK
r-release-linux-x86_64 0.1.1 9.60 142.74 152.34 OK
r-release-windows-ix86+x86_64 0.1.1 23.00 198.00 221.00 OK
r-release-osx-x86_64 0.1.1 ERROR
r-oldrel-windows-ix86+x86_64 0.1.1 21.00 184.00 205.00 OK
r-oldrel-osx-x86_64 0.1.1 OK

Check Details

Version: 0.1.1
Check: whether package can be installed
Result: ERROR
    Installation failed.
Flavors: r-devel-windows-ix86+x86_64, r-devel-windows-ix86+x86_64-gcc8, r-release-osx-x86_64