CRAN Package Check Results for Package LoopRig

Last updated on 2020-08-13 00:49:13 CEST.

Flavor Version Tinstall Tcheck Ttotal Status Flags
r-devel-linux-x86_64-debian-clang 0.1.1 12.82 165.64 178.46 OK
r-devel-linux-x86_64-debian-gcc 0.1.1 10.73 126.30 137.03 OK
r-devel-linux-x86_64-fedora-clang 0.1.1 222.33 OK
r-devel-linux-x86_64-fedora-gcc 0.1.1 213.64 OK
r-devel-windows-ix86+x86_64 0.1.1 35.00 205.00 240.00 OK
r-patched-linux-x86_64 0.1.1 13.78 165.33 179.11 OK
r-patched-solaris-x86 0.1.1 292.20 OK
r-release-linux-x86_64 0.1.1 12.53 164.81 177.34 OK
r-release-macos-x86_64 0.1.1 OK
r-release-windows-ix86+x86_64 0.1.1 26.00 215.00 241.00 OK
r-oldrel-macos-x86_64 0.1.1 ERROR
r-oldrel-windows-ix86+x86_64 0.1.1 28.00 163.00 191.00 OK

Check Details

Version: 0.1.1
Check: whether package can be installed
Result: ERROR
    Installation failed.
Flavor: r-oldrel-macos-x86_64