CRAN Package Check Results for Package LoopRig

Last updated on 2024-06-13 14:49:04 CEST.

Flavor Version Tinstall Tcheck Ttotal Status Flags
r-devel-linux-x86_64-debian-clang 0.1.1 13.56 186.44 200.00 NOTE
r-devel-linux-x86_64-debian-gcc 0.1.1 11.13 111.34 122.47 ERROR
r-devel-linux-x86_64-fedora-clang 0.1.1 258.53 NOTE
r-devel-linux-x86_64-fedora-gcc 0.1.1 246.97 NOTE
r-devel-windows-x86_64 0.1.1 12.00 140.00 152.00 NOTE
r-patched-linux-x86_64 0.1.1 14.96 176.49 191.45 NOTE
r-release-linux-x86_64 0.1.1 14.67 178.34 193.01 NOTE
r-release-macos-arm64 0.1.1 68.00 NOTE
r-release-macos-x86_64 0.1.1 110.00 NOTE
r-release-windows-x86_64 0.1.1 12.00 136.00 148.00 NOTE
r-oldrel-macos-arm64 0.1.1 70.00 NOTE
r-oldrel-macos-x86_64 0.1.1 133.00 NOTE
r-oldrel-windows-x86_64 0.1.1 12.00 170.00 182.00 NOTE

Check Details

Version: 0.1.1
Check: LazyData
Result: NOTE 'LazyData' is specified without a 'data' directory Flavors: r-devel-linux-x86_64-debian-clang, r-devel-linux-x86_64-debian-gcc, r-devel-linux-x86_64-fedora-clang, r-devel-linux-x86_64-fedora-gcc, r-devel-windows-x86_64, r-patched-linux-x86_64, r-release-linux-x86_64, r-release-macos-arm64, r-release-macos-x86_64, r-release-windows-x86_64, r-oldrel-macos-arm64, r-oldrel-macos-x86_64, r-oldrel-windows-x86_64

Version: 0.1.1
Check: package dependencies
Result: NOTE Package suggested but not available for checking: ‘testthat’ Flavor: r-devel-linux-x86_64-debian-gcc

Version: 0.1.1
Check: tests
Result: ERROR Running ‘testthat.R’ [0s/1s] Running the tests in ‘tests/testthat.R’ failed. Complete output: > library(testthat) Error in library(testthat) : there is no package called 'testthat' Execution halted Flavor: r-devel-linux-x86_64-debian-gcc