CRAN Package Check Results for Package LowWAFOMNX

Last updated on 2021-09-19 14:49:26 CEST.

Flavor Version Tinstall Tcheck Ttotal Status Flags
r-devel-linux-x86_64-debian-clang 1.1.1 30.36 41.84 72.20 OK
r-devel-linux-x86_64-debian-gcc 1.1.1 18.69 33.43 52.12 OK
r-devel-linux-x86_64-fedora-clang 1.1.1 104.94 OK
r-devel-linux-x86_64-fedora-gcc 1.1.1 91.94 OK
r-devel-windows-x86_64 1.1.1 28.00 61.00 89.00 OK
r-devel-windows-x86_64-gcc10-UCRT 1.1.1 ERROR
r-patched-linux-x86_64 1.1.1 25.13 41.16 66.29 OK
r-patched-solaris-x86 1.1.1 113.70 OK
r-release-linux-x86_64 1.1.1 23.91 40.82 64.73 OK
r-release-macos-arm64 1.1.1 OK
r-release-macos-x86_64 1.1.1 OK
r-release-windows-ix86+x86_64 1.1.1 69.00 97.00 166.00 OK
r-oldrel-macos-x86_64 1.1.1 OK
r-oldrel-windows-ix86+x86_64 1.1.1 70.00 96.00 166.00 OK

Check Details

Version: 1.1.1
Check: whether package can be installed
Result: ERROR
    Installation failed.
Flavor: r-devel-windows-x86_64-gcc10-UCRT