CRAN Package Check Results for Package LowWAFOMSobol

Last updated on 2024-02-27 18:49:20 CET.

Flavor Version Tinstall Tcheck Ttotal Status Flags
r-devel-linux-x86_64-debian-clang 1.1.1 32.71 51.41 84.12 OK
r-devel-linux-x86_64-debian-gcc 1.1.1 24.98 38.93 63.91 OK
r-devel-linux-x86_64-fedora-clang 1.1.1 119.84 OK
r-devel-linux-x86_64-fedora-gcc 1.1.1 118.87 OK
r-devel-windows-x86_64 1.1.1 28.00 79.00 107.00 NOTE
r-patched-linux-x86_64 1.1.1 34.34 49.50 83.84 OK
r-release-linux-x86_64 1.1.1 31.24 50.36 81.60 OK
r-release-macos-arm64 1.1.1 41.00 NOTE
r-release-macos-x86_64 1.1.1 60.00 NOTE
r-release-windows-x86_64 1.1.1 35.00 86.00 121.00 NOTE
r-oldrel-macos-arm64 1.1.1 32.00 NOTE
r-oldrel-windows-x86_64 1.1.1 33.00 88.00 121.00 NOTE

Check Details

Version: 1.1.1
Check: installed package size
Result: NOTE installed size is 5.6Mb sub-directories of 1Mb or more: extdata 4.5Mb libs 1.0Mb Flavors: r-devel-windows-x86_64, r-release-macos-arm64, r-release-macos-x86_64, r-release-windows-x86_64, r-oldrel-macos-arm64, r-oldrel-windows-x86_64