CRAN Package Check Results for Package LowWAFOMSobol

Last updated on 2021-08-05 23:50:22 CEST.

Flavor Version Tinstall Tcheck Ttotal Status Flags
r-devel-linux-x86_64-debian-clang 1.1.1 31.72 42.05 73.77 OK
r-devel-linux-x86_64-debian-gcc 1.1.1 18.01 33.96 51.97 OK
r-devel-linux-x86_64-fedora-clang 1.1.1 103.63 NOTE
r-devel-linux-x86_64-fedora-gcc 1.1.1 87.35 OK
r-devel-windows-x86_64 1.1.1 28.00 72.00 100.00 NOTE
r-devel-windows-x86_64-gcc10-UCRT 1.1.1 ERROR
r-patched-linux-x86_64 1.1.1 22.72 40.44 63.16 OK
r-patched-solaris-x86 1.1.1 109.30 OK
r-release-linux-x86_64 1.1.1 22.85 40.80 63.65 OK
r-release-macos-arm64 1.1.1 NOTE
r-release-macos-x86_64 1.1.1 NOTE
r-release-windows-ix86+x86_64 1.1.1 72.00 94.00 166.00 NOTE
r-oldrel-macos-x86_64 1.1.1 NOTE
r-oldrel-windows-ix86+x86_64 1.1.1 77.00 93.00 170.00 NOTE

Check Details

Version: 1.1.1
Check: installed package size
Result: NOTE
     installed size is 5.6Mb
     sub-directories of 1Mb or more:
     extdata 4.5Mb
Flavors: r-devel-linux-x86_64-fedora-clang, r-devel-windows-x86_64, r-release-macos-arm64, r-release-macos-x86_64, r-release-windows-ix86+x86_64, r-oldrel-macos-x86_64, r-oldrel-windows-ix86+x86_64

Version: 1.1.1
Check: package dependencies
Result: NOTE
    Package suggested but not available for checking: 'testthat'
Flavor: r-devel-windows-x86_64-gcc10-UCRT

Version: 1.1.1
Check: tests
Result: ERROR
     Running 'testthat.R'
    Running the tests in 'tests/testthat.R' failed.
    Complete output:
     > library(testthat)
     Error in library(testthat) : there is no package called 'testthat'
     Execution halted
Flavor: r-devel-windows-x86_64-gcc10-UCRT